CRAN Package Check Results for Package sfcr

Last updated on 2021-03-06 02:48:55 CET.

Flavor Version Tinstall Tcheck Ttotal Status Flags
r-devel-linux-x86_64-debian-clang 0.1.1 40.10 103.57 143.67 OK
r-devel-linux-x86_64-debian-gcc 0.1.1 27.26 80.26 107.52 OK
r-devel-linux-x86_64-fedora-clang 0.1.1 182.84 OK
r-devel-linux-x86_64-fedora-gcc 0.1.1 166.67 OK
r-devel-windows-ix86+x86_64 0.1.1 68.00 163.00 231.00 OK
r-patched-linux-x86_64 0.1.1 OK
r-patched-solaris-x86 0.1.1 221.20 OK
r-release-linux-x86_64 0.1.1 29.56 99.10 128.66 OK
r-release-macos-x86_64 0.1.1 OK
r-release-windows-ix86+x86_64 0.1.1 71.00 138.00 209.00 OK
r-oldrel-macos-x86_64 0.1.1 WARN
r-oldrel-windows-ix86+x86_64 0.1.1 57.00 119.00 176.00 WARN

Check Details

Version: 0.1.1
Check: S3 generic/method consistency
Result: WARN
    sfcr_set:
     function(..., exclude)
    sfcr_set.formula:
     function(..., exclude)
    
    See section ‘Generic functions and methods’ in the ‘Writing R
    Extensions’ manual.
Flavors: r-oldrel-macos-x86_64, r-oldrel-windows-ix86+x86_64