CRAN Package Check Results for Package sfheaders

Last updated on 2020-01-27 19:46:57 CET.

Flavor Version Tinstall Tcheck Ttotal Status Flags
r-devel-linux-x86_64-debian-clang 0.1.0 130.26 34.12 164.38 OK
r-devel-linux-x86_64-debian-gcc 0.1.0 100.39 27.14 127.53 OK
r-devel-linux-x86_64-fedora-clang 0.1.0 227.92 NOTE
r-devel-linux-x86_64-fedora-gcc 0.1.0 240.27 OK
r-devel-windows-ix86+x86_64 0.1.0 296.00 104.00 400.00 OK
r-devel-windows-ix86+x86_64-gcc8 0.0.2 273.00 88.00 361.00 OK
r-patched-linux-x86_64 0.1.0 OK
r-patched-solaris-x86 0.1.0 180.70 OK
r-release-linux-x86_64 0.1.0 104.88 31.57 136.45 OK
r-release-windows-ix86+x86_64 0.1.0 229.00 99.00 328.00 OK
r-release-osx-x86_64 0.1.0 NOTE
r-oldrel-windows-ix86+x86_64 0.1.0 290.00 102.00 392.00 OK
r-oldrel-osx-x86_64 0.1.0 NOTE

Additional issues

clang-UBSAN gcc-UBSAN

Check Details

Version: 0.1.0
Check: installed package size
Result: NOTE
     installed size is 13.1Mb
     sub-directories of 1Mb or more:
     libs 12.2Mb
Flavors: r-devel-linux-x86_64-fedora-clang, r-release-osx-x86_64, r-oldrel-osx-x86_64