Last updated on 2025-04-30 14:51:47 CEST.
Flavor | Version | Tinstall | Tcheck | Ttotal | Status | Flags |
---|---|---|---|---|---|---|
r-devel-linux-x86_64-debian-clang | 0.3.0 | 4.81 | 65.86 | 70.67 | NOTE | |
r-devel-linux-x86_64-debian-gcc | 0.3.0 | 3.59 | 48.37 | 51.96 | OK | |
r-devel-linux-x86_64-fedora-clang | 0.3.0 | 108.74 | OK | |||
r-devel-linux-x86_64-fedora-gcc | 0.3.0 | 120.70 | OK | |||
r-devel-windows-x86_64 | 0.3.0 | 7.00 | 82.00 | 89.00 | OK | |
r-patched-linux-x86_64 | 0.3.0 | 4.64 | 63.67 | 68.31 | OK | |
r-release-linux-x86_64 | 0.3.0 | 4.45 | 62.55 | 67.00 | OK | |
r-release-macos-arm64 | 0.3.0 | 49.00 | OK | |||
r-release-macos-x86_64 | 0.3.0 | 88.00 | OK | |||
r-release-windows-x86_64 | 0.3.0 | 6.00 | 81.00 | 87.00 | OK | |
r-oldrel-macos-arm64 | 0.3.0 | 39.00 | OK | |||
r-oldrel-macos-x86_64 | 0.3.0 | 74.00 | OK | |||
r-oldrel-windows-x86_64 | 0.3.0 | 6.00 | 98.00 | 104.00 | OK |
Version: 0.3.0
Check: examples
Result: NOTE
Examples with CPU (user + system) or elapsed time > 5s
user system elapsed
st_as_sftime 4.252 0.252 7.125
Flavor: r-devel-linux-x86_64-debian-clang