CRAN Package Check Results for Package sgPLS

Last updated on 2021-09-16 23:50:10 CEST.

Flavor Version Tinstall Tcheck Ttotal Status Flags
r-devel-linux-x86_64-debian-clang 1.7 13.16 120.20 133.36 OK
r-devel-linux-x86_64-debian-gcc 1.7 11.67 89.71 101.38 OK
r-devel-linux-x86_64-fedora-clang 1.7 165.41 OK
r-devel-linux-x86_64-fedora-gcc 1.7 152.19 OK
r-devel-windows-x86_64 1.7 22.00 103.00 125.00 OK
r-devel-windows-x86_64-gcc10-UCRT 1.7 OK
r-patched-linux-x86_64 1.7 17.95 111.12 129.07 OK
r-patched-solaris-x86 1.7 234.50 OK
r-release-linux-x86_64 1.7 12.22 111.73 123.95 OK
r-release-macos-arm64 1.7 OK
r-release-macos-x86_64 1.7 OK
r-release-windows-ix86+x86_64 1.7 2.00 5.00 7.00 ERROR
r-oldrel-macos-x86_64 1.7 OK
r-oldrel-windows-ix86+x86_64 1.7 27.00 140.00 167.00 OK

Check Details

Version: 1.7
Check: whether package can be installed
Result: ERROR
    Installation failed.
Flavor: r-release-windows-ix86+x86_64