CRAN Package Check Results for Package sgd

Last updated on 2021-10-27 14:51:47 CEST.

Flavor Version Tinstall Tcheck Ttotal Status Flags
r-devel-linux-x86_64-debian-clang 1.1.1 47.87 37.05 84.92 OK
r-devel-linux-x86_64-debian-gcc 1.1.1 33.72 29.46 63.18 OK
r-devel-linux-x86_64-fedora-clang 1.1.1 129.57 OK
r-devel-linux-x86_64-fedora-gcc 1.1.1 112.61 OK
r-devel-windows-x86_64 1.1.1 59.00 53.00 112.00 OK
r-devel-windows-x86_64-gcc10-UCRT 1.1.1 OK
r-patched-linux-x86_64 1.1.1 38.79 36.91 75.70 OK
r-patched-solaris-x86 1.1.1 120.80 OK
r-release-linux-x86_64 1.1.1 39.98 37.04 77.02 OK
r-release-macos-arm64 1.1.1 NOTE
r-release-macos-x86_64 1.1.1 OK
r-release-windows-ix86+x86_64 1.1.1 78.00 91.00 169.00 OK
r-oldrel-macos-x86_64 1.1.1 OK
r-oldrel-windows-ix86+x86_64 1.1.1 113.00 84.00 197.00 OK

Check Details

Version: 1.1.1
Check: installed package size
Result: NOTE
     installed size is 5.7Mb
     sub-directories of 1Mb or more:
     libs 4.9Mb
Flavor: r-release-macos-arm64