Last updated on 2022-05-17 09:52:44 CEST.
Flavor | Version | Tinstall | Tcheck | Ttotal | Status | Flags |
---|---|---|---|---|---|---|
r-devel-linux-x86_64-debian-clang | 0.8 | 6.38 | 82.82 | 89.20 | OK | |
r-devel-linux-x86_64-debian-gcc | 0.8 | 5.65 | 61.16 | 66.81 | OK | |
r-devel-linux-x86_64-fedora-clang | 0.8 | 106.67 | NOTE | |||
r-devel-linux-x86_64-fedora-gcc | 0.8 | 103.28 | NOTE | |||
r-devel-windows-x86_64 | 0.8 | 13.00 | 100.00 | 113.00 | OK | |
r-patched-linux-x86_64 | 0.8 | 6.17 | 78.74 | 84.91 | OK | |
r-release-linux-x86_64 | 0.8 | 6.33 | 77.60 | 83.93 | OK | |
r-release-macos-arm64 | 0.8 | 32.00 | NOTE | |||
r-release-macos-x86_64 | 0.8 | 42.00 | NOTE | |||
r-release-windows-x86_64 | 0.8 | 13.00 | 99.00 | 112.00 | OK | |
r-oldrel-macos-arm64 | 0.8 | 24.00 | NOTE | |||
r-oldrel-macos-x86_64 | 0.8 | 44.00 | NOTE | |||
r-oldrel-windows-ix86+x86_64 | 0.8 | 19.00 | 87.00 | 106.00 | OK |
Version: 0.8
Check: dependencies in R code
Result: NOTE
Namespace in Imports field not imported from: ‘rlang’
All declared Imports should be used.
Flavors: r-devel-linux-x86_64-fedora-clang, r-devel-linux-x86_64-fedora-gcc, r-release-macos-arm64, r-release-macos-x86_64, r-oldrel-macos-arm64, r-oldrel-macos-x86_64