CRAN Package Check Results for Package sglr

Last updated on 2022-09-30 17:50:41 CEST.

Flavor Version Tinstall Tcheck Ttotal Status Flags
r-devel-linux-x86_64-debian-clang 0.8 6.45 74.65 81.10 OK
r-devel-linux-x86_64-debian-gcc 0.8 5.03 55.25 60.28 OK
r-devel-linux-x86_64-fedora-clang 0.8 114.12 NOTE
r-devel-linux-x86_64-fedora-gcc 0.8 103.87 NOTE
r-devel-windows-x86_64 0.8 12.00 98.00 110.00 OK
r-patched-linux-x86_64 0.8 5.89 70.95 76.84 OK
r-release-linux-x86_64 0.8 6.34 70.33 76.67 OK
r-release-macos-arm64 0.8 32.00 NOTE
r-release-macos-x86_64 0.8 42.00 NOTE
r-release-windows-x86_64 0.8 12.00 94.00 106.00 OK
r-oldrel-macos-arm64 0.8 24.00 NOTE
r-oldrel-macos-x86_64 0.8 44.00 NOTE
r-oldrel-windows-ix86+x86_64 0.8 18.00 103.00 121.00 OK

Check Details

Version: 0.8
Check: dependencies in R code
Result: NOTE
    Namespace in Imports field not imported from: ‘rlang’
     All declared Imports should be used.
Flavors: r-devel-linux-x86_64-fedora-clang, r-devel-linux-x86_64-fedora-gcc, r-release-macos-arm64, r-release-macos-x86_64, r-oldrel-macos-arm64, r-oldrel-macos-x86_64