CRAN Package Check Results for Package sgr

Last updated on 2020-04-03 22:50:43 CEST.

Flavor Version Tinstall Tcheck Ttotal Status Flags
r-devel-linux-x86_64-debian-clang 1.3 2.90 23.13 26.03 NOTE
r-devel-linux-x86_64-debian-gcc 1.3 2.26 18.57 20.83 NOTE
r-devel-linux-x86_64-fedora-clang 1.3 31.79 NOTE
r-devel-linux-x86_64-fedora-gcc 1.3 31.91 NOTE
r-devel-windows-ix86+x86_64 1.3 7.00 35.00 42.00 NOTE
r-devel-windows-ix86+x86_64-gcc8 1.3 5.00 36.00 41.00 NOTE
r-patched-linux-x86_64 1.3 2.41 23.26 25.67 NOTE
r-patched-solaris-x86 1.3 49.40 NOTE
r-release-linux-x86_64 1.3 1.86 21.37 23.23 NOTE
r-release-windows-ix86+x86_64 1.3 6.00 52.00 58.00 NOTE
r-release-osx-x86_64 1.3 NOTE
r-oldrel-windows-ix86+x86_64 1.3 4.00 32.00 36.00 NOTE
r-oldrel-osx-x86_64 1.3 NOTE

Check Details

Version: 1.3
Check: R code for possible problems
Result: NOTE
    amse: no visible global function definition for 'na.omit'
    arb: no visible global function definition for 'na.omit'
    rdatagen: no visible global function definition for 'qnorm'
    rdatagen: no visible global function definition for 'pbinom'
    rdatagen: no visible global function definition for 'pnorm'
    Undefined global functions or variables:
     na.omit pbinom pnorm qnorm
    Consider adding
     importFrom("stats", "na.omit", "pbinom", "pnorm", "qnorm")
    to your NAMESPACE file.
Flavors: r-devel-linux-x86_64-debian-clang, r-devel-linux-x86_64-debian-gcc, r-devel-linux-x86_64-fedora-clang, r-devel-linux-x86_64-fedora-gcc, r-devel-windows-ix86+x86_64, r-devel-windows-ix86+x86_64-gcc8, r-patched-linux-x86_64, r-patched-solaris-x86, r-release-linux-x86_64, r-release-windows-ix86+x86_64, r-release-osx-x86_64, r-oldrel-windows-ix86+x86_64, r-oldrel-osx-x86_64