Last updated on 2023-09-26 08:04:25 CEST.
Flavor | Version | Tinstall | Tcheck | Ttotal | Status | Flags |
---|---|---|---|---|---|---|
r-devel-linux-x86_64-debian-clang | 0.1.1 | 46.78 | 399.13 | 445.91 | OK | |
r-devel-linux-x86_64-debian-gcc | 0.1.1 | 32.76 | 280.09 | 312.85 | OK | |
r-devel-linux-x86_64-fedora-clang | 0.1.1 | 537.61 | OK | |||
r-devel-linux-x86_64-fedora-gcc | 0.1.1 | 541.62 | OK | |||
r-devel-windows-x86_64 | 0.1.1 | 37.00 | 291.00 | 328.00 | OK | |
r-patched-linux-x86_64 | 0.1.1 | 45.60 | 387.83 | 433.43 | OK | |
r-release-linux-x86_64 | 0.1.1 | 39.36 | 389.98 | 429.34 | OK | |
r-release-macos-arm64 | 0.1.1 | 141.00 | OK | |||
r-release-macos-x86_64 | 0.1.1 | 184.00 | OK | |||
r-release-windows-x86_64 | 0.1.1 | 50.00 | 375.00 | 425.00 | OK | |
r-oldrel-macos-arm64 | 0.1.1 | 98.00 | ERROR | |||
r-oldrel-macos-x86_64 | 0.1.1 | 180.00 | ERROR | |||
r-oldrel-windows-x86_64 | 0.1.1 | 49.00 | 370.00 | 419.00 | OK |
Version: 0.1.1
Check: PDF version of manual
Result: WARN
LaTeX errors when creating PDF version.
This typically indicates Rd problems.
LaTeX errors found:
! Undefined control sequence.
<argument> ...m _{i=1}^{n}\left \{y_i b^\intercal
x_i - \log (1+\exp (b^\int...
l.396 }{}
! Undefined control sequence.
<argument> ...cal x_i - \log (1+\exp (b^\intercal
x_i)) \right \}.
l.396 }{}
! Undefined control sequence.
<argument> \lambda _\text
{min} = min_frac \cdot \lambda _\text {max}
l.510 ...n} = min_frac \cdot \lambda_\text{max}}{}
.
! Undefined control sequence.
<argument> ...in} = min_frac \cdot \lambda _\text
{max}
l.510 ...n} = min_frac \cdot \lambda_\text{max}}{}
.
! Undefined control sequence.
<argument> \lambda _\text
{max}
l.533 ...nal parameter, \eqn{\lambda_\text{max}}{}
, which is used to fit the...
Flavors: r-oldrel-macos-arm64, r-oldrel-macos-x86_64
Version: 0.1.1
Check: PDF version of manual without index
Result: ERROR
Flavors: r-oldrel-macos-arm64, r-oldrel-macos-x86_64