CRAN Package Check Results for Package shadow

Last updated on 2019-07-23 07:48:56 CEST.

Flavor Version Tinstall Tcheck Ttotal Status Flags
r-devel-linux-x86_64-debian-clang 0.6.1 8.74 111.95 120.69 OK
r-devel-linux-x86_64-debian-gcc 0.6.1 7.25 87.93 95.18 OK
r-devel-linux-x86_64-fedora-clang 0.6.1 150.10 NOTE
r-devel-linux-x86_64-fedora-gcc 0.6.1 139.65 NOTE
r-devel-windows-ix86+x86_64 0.6.1 17.00 158.00 175.00 OK
r-patched-linux-x86_64 0.6.1 8.53 112.68 121.21 OK
r-patched-solaris-x86 0.6.1 201.00 NOTE
r-release-linux-x86_64 0.6.1 8.60 111.53 120.13 OK
r-release-windows-ix86+x86_64 0.6.1 16.00 116.00 132.00 OK
r-release-osx-x86_64 0.6.1 NOTE
r-oldrel-windows-ix86+x86_64 0.6.1 17.00 117.00 134.00 OK
r-oldrel-osx-x86_64 0.6.1 NOTE

Check Details

Version: 0.6.1
Check: dependencies in R code
Result: NOTE
    Namespaces in Imports field not imported from:
     ‘parallel’ ‘plyr’
     All declared Imports should be used.
Flavors: r-devel-linux-x86_64-fedora-clang, r-devel-linux-x86_64-fedora-gcc, r-patched-solaris-x86, r-release-osx-x86_64, r-oldrel-osx-x86_64