CRAN Package Check Results for Package shadow

Last updated on 2019-03-25 02:49:25 CET.

Flavor Version Tinstall Tcheck Ttotal Status Flags
r-devel-linux-x86_64-debian-clang 0.6.0 10.15 112.59 122.74 OK
r-devel-linux-x86_64-debian-gcc 0.6.0 6.56 88.42 94.98 OK
r-devel-linux-x86_64-fedora-clang 0.6.0 151.12 NOTE
r-devel-linux-x86_64-fedora-gcc 0.6.0 138.86 NOTE
r-devel-windows-ix86+x86_64 0.6.0 25.00 159.00 184.00 OK
r-patched-linux-x86_64 0.6.0 7.05 111.09 118.14 OK
r-patched-solaris-x86 0.6.0 192.10 NOTE
r-release-linux-x86_64 0.6.0 5.82 110.88 116.70 OK
r-release-windows-ix86+x86_64 0.6.0 13.00 122.00 135.00 OK
r-release-osx-x86_64 0.6.0 NOTE
r-oldrel-windows-ix86+x86_64 0.6.0 13.00 172.00 185.00 OK
r-oldrel-osx-x86_64 0.6.0 NOTE

Check Details

Version: 0.6.0
Check: dependencies in R code
Result: NOTE
    Namespaces in Imports field not imported from:
     ‘parallel’ ‘plyr’
     All declared Imports should be used.
Flavors: r-devel-linux-x86_64-fedora-clang, r-devel-linux-x86_64-fedora-gcc, r-patched-solaris-x86, r-release-osx-x86_64, r-oldrel-osx-x86_64