CRAN Package Check Results for Package shadow

Last updated on 2019-01-20 01:51:16 CET.

Flavor Version Tinstall Tcheck Ttotal Status Flags
r-devel-linux-x86_64-debian-clang 0.6.0 6.24 115.56 121.80 OK
r-devel-linux-x86_64-debian-gcc 0.6.0 4.83 90.50 95.33 OK
r-devel-linux-x86_64-fedora-clang 0.6.0 142.53 NOTE
r-devel-linux-x86_64-fedora-gcc 0.6.0 138.61 NOTE
r-devel-windows-ix86+x86_64 0.6.0 16.00 159.00 175.00 OK
r-patched-linux-x86_64 0.6.0 6.17 110.06 116.23 OK
r-patched-solaris-x86 0.6.0 194.40 NOTE
r-release-linux-x86_64 0.6.0 6.74 110.93 117.67 OK
r-release-windows-ix86+x86_64 0.6.0 17.00 162.00 179.00 OK
r-release-osx-x86_64 0.6.0 NOTE
r-oldrel-windows-ix86+x86_64 0.6.0 18.00 125.00 143.00 OK
r-oldrel-osx-x86_64 0.5.9 NOTE

Check Details

Version: 0.6.0
Check: dependencies in R code
Result: NOTE
    Namespaces in Imports field not imported from:
     ‘parallel’ ‘plyr’
     All declared Imports should be used.
Flavors: r-devel-linux-x86_64-fedora-clang, r-devel-linux-x86_64-fedora-gcc, r-patched-solaris-x86, r-release-osx-x86_64

Version: 0.5.9
Check: dependencies in R code
Result: NOTE
    Namespace in Imports field not imported from: ‘parallel’
     All declared Imports should be used.
Flavor: r-oldrel-osx-x86_64