CRAN Package Check Results for Package shallot

Last updated on 2019-03-24 04:47:24 CET.

Flavor Version Tinstall Tcheck Ttotal Status Flags
r-devel-linux-x86_64-debian-clang 0.4.5 52.36 402.66 455.02 OK
r-devel-linux-x86_64-debian-gcc 0.4.5 46.83 313.78 360.61 OK
r-devel-linux-x86_64-fedora-clang 0.4.5 498.45 OK
r-devel-linux-x86_64-fedora-gcc 0.4.5 501.84 OK
r-devel-windows-ix86+x86_64 0.4.5 132.00 519.00 651.00 OK
r-patched-linux-x86_64 0.4.5 36.43 392.53 428.96 OK
r-release-linux-x86_64 0.4.5 0.36 2.02 2.38 ERROR
r-release-windows-ix86+x86_64 0.4.5 75.00 474.00 549.00 OK
r-release-osx-x86_64 0.4.5 OK
r-oldrel-windows-ix86+x86_64 0.4.5 76.00 363.00 439.00 OK
r-oldrel-osx-x86_64 0.4.5 OK

Check Details

Version: 0.4.5
Check: whether package can be installed
Result: ERROR
    Installation failed.
Flavor: r-release-linux-x86_64