CRAN Package Check Results for Package shallot

Last updated on 2019-06-25 20:47:16 CEST.

Flavor Version Tinstall Tcheck Ttotal Status Flags
r-devel-linux-x86_64-debian-clang 0.4.5 50.82 401.35 452.17 OK
r-devel-linux-x86_64-debian-gcc 0.4.5 46.09 308.61 354.70 OK
r-devel-linux-x86_64-fedora-clang 0.4.5 538.90 ERROR
r-devel-linux-x86_64-fedora-gcc 0.4.5 530.62 WARN
r-devel-windows-ix86+x86_64 0.4.5 130.00 470.00 600.00 OK
r-patched-linux-x86_64 0.4.5 55.20 400.41 455.61 OK
r-release-linux-x86_64 0.4.5 58.65 395.94 454.59 OK
r-release-windows-ix86+x86_64 0.4.5 120.00 429.00 549.00 NOTE
r-release-osx-x86_64 0.4.5 OK
r-oldrel-windows-ix86+x86_64 0.4.5 72.00 460.00 532.00 OK
r-oldrel-osx-x86_64 0.4.5 OK

Check Details

Version: 0.4.5
Check: replacement functions
Result: WARN
    /tmp/RtmpKws83w/rscala/scala/bin/scala: line 19: cd: /tmp/RtmpKws83w/rscala/scala/bin/..: No such file or directory
    Error: Could not find or load main class scala.tools.nsc.MainGenericRunner
    Caused by: java.lang.ClassNotFoundException: scala.tools.nsc.MainGenericRunner
    The argument of a replacement function which corresponds to the right
    hand side must be named ‘value’.
Flavor: r-devel-linux-x86_64-fedora-clang

Version: 0.4.5
Check: R code for possible problems
Result: NOTE
    trying URL 'https://downloads.lightbend.com/scala/2.12.8/scala-2.12.8.tgz'
    Content type 'application/octet-stream' length 20467943 bytes (19.5 MB)
    ==================================================
    downloaded 19.5 MB
    
    <<<<<<<<<<
    <<<<<<<<<<
    <<<<<<<<<<
    
    Scala was downloaded to a temporary directory. To make permanent, please run 'rscala::scalaConfig(download="scala")'
    
    >>>>>>>>>>
    >>>>>>>>>>
    >>>>>>>>>>
Flavors: r-devel-linux-x86_64-fedora-clang, r-devel-linux-x86_64-fedora-gcc

Version: 0.4.5
Check: for missing documentation entries
Result: ERROR
    /tmp/Rtmp0R2oKb/rscala/scala/bin/scala: line 19: cd: /tmp/Rtmp0R2oKb/rscala/scala/bin/..: No such file or directory
    Error: Could not find or load main class scala.tools.nsc.MainGenericRunner
    Caused by: java.lang.ClassNotFoundException: scala.tools.nsc.MainGenericRunner
Flavor: r-devel-linux-x86_64-fedora-clang

Version: 0.4.5
Check: for code/documentation mismatches
Result: WARN
    /tmp/RtmpB0FHYX/rscala/scala/bin/scala: line 19: cd: /tmp/RtmpB0FHYX/rscala/scala/bin/..: No such file or directory
    Error: Could not find or load main class scala.tools.nsc.MainGenericRunner
    Caused by: java.lang.ClassNotFoundException: scala.tools.nsc.MainGenericRunner
    /tmp/RtmpB1G5Li/rscala/scala/bin/scala: line 19: cd: /tmp/RtmpB1G5Li/rscala/scala/bin/..: No such file or directory
    Error: Could not find or load main class scala.tools.nsc.MainGenericRunner
    Caused by: java.lang.ClassNotFoundException: scala.tools.nsc.MainGenericRunner
Flavor: r-devel-linux-x86_64-fedora-clang

Version: 0.4.5
Check: loading without being on the library search path
Result: WARN
    trying URL 'https://downloads.lightbend.com/scala/2.12.8/scala-2.12.8.tgz'
    Content type 'application/octet-stream' length 20467943 bytes (19.5 MB)
    ==================================================
    downloaded 19.5 MB
    
    <<<<<<<<<<
    <<<<<<<<<<
    <<<<<<<<<<
    
    Scala was downloaded to a temporary directory. To make permanent, please run 'rscala::scalaConfig(download="scala")'
    
    >>>>>>>>>>
    >>>>>>>>>>
    >>>>>>>>>>
    /tmp/RtmpUmJIGm/rscala/scala/bin/scala: line 19: cd: /tmp/RtmpUmJIGm/rscala/scala/bin/..: No such file or directory
    Error: Could not find or load main class scala.tools.nsc.MainGenericRunner
    Caused by: java.lang.ClassNotFoundException: scala.tools.nsc.MainGenericRunner
    
    It looks like this package has a loading problem when not on .libPaths:
    see the messages for details.
Flavor: r-devel-linux-x86_64-fedora-gcc

Version: 0.4.5
Check: replacement functions
Result: WARN
    /tmp/Rtmpp0pOZN/rscala/scala/bin/scala: line 19: cd: /tmp/Rtmpp0pOZN/rscala/scala/bin/..: No such file or directory
    Error: Could not find or load main class scala.tools.nsc.MainGenericRunner
    Caused by: java.lang.ClassNotFoundException: scala.tools.nsc.MainGenericRunner
    The argument of a replacement function which corresponds to the right
    hand side must be named ‘value’.
Flavor: r-devel-linux-x86_64-fedora-gcc

Version: 0.4.5
Check: for missing documentation entries
Result: WARN
    bash: /tmp/Rtmpx0gEEq/rscala/scala/bin/scala: No such file or directory
    All user-level objects in a package should have documentation entries.
    See chapter ‘Writing R documentation files’ in the ‘Writing R
    Extensions’ manual.
Flavor: r-devel-linux-x86_64-fedora-gcc

Version: 0.4.5
Check: for code/documentation mismatches
Result: WARN
    Error: Could not find or load main class scala.tools.nsc.MainGenericRunner
    Caused by: java.lang.ClassNotFoundException: scala.tools.nsc.MainGenericRunner
    bash: /tmp/RtmprkInJg/rscala/scala/bin/scala: No such file or directory
Flavor: r-devel-linux-x86_64-fedora-gcc

Version: 0.4.5
Check: R code for possible problems
Result: NOTE
    trying URL 'https://downloads.lightbend.com/scala/2.12.8/scala-2.12.8.tgz'
    Content type 'application/octet-stream' length 20467943 bytes (19.5 MB)
    ==================================================
    downloaded 19.5 MB
Flavor: r-release-windows-ix86+x86_64