CRAN Package Check Results for Package shapefiles

Last updated on 2019-12-10 15:48:16 CET.

Flavor Version Tinstall Tcheck Ttotal Status Flags
r-devel-linux-x86_64-debian-clang 0.7 2.95 20.41 23.36 NOTE
r-devel-linux-x86_64-debian-gcc 0.7 2.27 16.19 18.46 NOTE
r-devel-linux-x86_64-fedora-clang 0.7 28.31 NOTE
r-devel-linux-x86_64-fedora-gcc 0.7 27.59 NOTE
r-devel-windows-ix86+x86_64 0.7 7.00 43.00 50.00 NOTE
r-devel-windows-ix86+x86_64-gcc8 0.7 6.00 49.00 55.00 NOTE
r-patched-linux-x86_64 0.7 2.16 18.77 20.93 NOTE
r-patched-solaris-x86 0.7 38.70 NOTE
r-release-linux-x86_64 0.7 2.32 18.80 21.12 NOTE
r-release-windows-ix86+x86_64 0.7 5.00 29.00 34.00 NOTE
r-release-osx-x86_64 0.7 NOTE
r-oldrel-windows-ix86+x86_64 0.7 4.00 29.00 33.00 NOTE
r-oldrel-osx-x86_64 0.7 NOTE

Check Details

Version: 0.7
Check: DESCRIPTION meta-information
Result: NOTE
    Malformed Description field: should contain one or more complete sentences.
Flavors: r-devel-linux-x86_64-debian-clang, r-devel-linux-x86_64-debian-gcc, r-devel-linux-x86_64-fedora-clang, r-devel-linux-x86_64-fedora-gcc, r-devel-windows-ix86+x86_64, r-devel-windows-ix86+x86_64-gcc8, r-patched-linux-x86_64, r-patched-solaris-x86, r-release-linux-x86_64, r-release-windows-ix86+x86_64, r-release-osx-x86_64, r-oldrel-windows-ix86+x86_64, r-oldrel-osx-x86_64

Version: 0.7
Check: dependencies in R code
Result: NOTE
    'library' or 'require' call to 'foreign' which was already attached by Depends.
     Please remove these calls from your code.
Flavors: r-devel-linux-x86_64-debian-clang, r-devel-linux-x86_64-debian-gcc, r-devel-linux-x86_64-fedora-clang, r-devel-linux-x86_64-fedora-gcc, r-devel-windows-ix86+x86_64, r-devel-windows-ix86+x86_64-gcc8, r-patched-linux-x86_64, r-patched-solaris-x86, r-release-linux-x86_64, r-release-windows-ix86+x86_64, r-release-osx-x86_64, r-oldrel-windows-ix86+x86_64, r-oldrel-osx-x86_64