CRAN Package Check Results for Package shapefiles

Last updated on 2019-08-20 05:47:17 CEST.

Flavor Version Tinstall Tcheck Ttotal Status Flags
r-devel-linux-x86_64-debian-clang 0.7 2.75 19.35 22.10 NOTE
r-devel-linux-x86_64-debian-gcc 0.7 2.20 15.77 17.97 NOTE
r-devel-linux-x86_64-fedora-clang 0.7 26.54 NOTE
r-devel-linux-x86_64-fedora-gcc 0.7 28.38 NOTE
r-devel-windows-ix86+x86_64 0.7 8.00 37.00 45.00 NOTE
r-patched-linux-x86_64 0.7 2.38 19.43 21.81 NOTE
r-patched-solaris-x86 0.7 41.50 NOTE
r-release-linux-x86_64 0.7 2.30 19.50 21.80 NOTE
r-release-windows-ix86+x86_64 0.7 5.00 29.00 34.00 NOTE
r-release-osx-x86_64 0.7 NOTE
r-oldrel-windows-ix86+x86_64 0.7 4.00 29.00 33.00 NOTE
r-oldrel-osx-x86_64 0.7 NOTE

Check Details

Version: 0.7
Check: DESCRIPTION meta-information
Result: NOTE
    Malformed Description field: should contain one or more complete sentences.
Flavors: r-devel-linux-x86_64-debian-clang, r-devel-linux-x86_64-debian-gcc, r-devel-linux-x86_64-fedora-clang, r-devel-linux-x86_64-fedora-gcc, r-devel-windows-ix86+x86_64, r-patched-linux-x86_64, r-patched-solaris-x86, r-release-linux-x86_64, r-release-windows-ix86+x86_64, r-release-osx-x86_64, r-oldrel-windows-ix86+x86_64, r-oldrel-osx-x86_64

Version: 0.7
Check: dependencies in R code
Result: NOTE
    'library' or 'require' call to 'foreign' which was already attached by Depends.
     Please remove these calls from your code.
Flavors: r-devel-linux-x86_64-debian-clang, r-devel-linux-x86_64-debian-gcc, r-devel-linux-x86_64-fedora-clang, r-devel-linux-x86_64-fedora-gcc, r-devel-windows-ix86+x86_64, r-patched-linux-x86_64, r-patched-solaris-x86, r-release-linux-x86_64, r-release-windows-ix86+x86_64, r-release-osx-x86_64, r-oldrel-windows-ix86+x86_64, r-oldrel-osx-x86_64