CRAN Package Check Results for Package shapes

Last updated on 2023-02-05 13:53:01 CET.

Flavor Version Tinstall Tcheck Ttotal Status Flags
r-devel-linux-x86_64-debian-clang 1.2.6 17.85 124.28 142.13 WARN
r-devel-linux-x86_64-debian-gcc 1.2.7 12.83 95.34 108.17 OK
r-devel-linux-x86_64-fedora-clang 1.2.7 192.99 OK
r-devel-linux-x86_64-fedora-gcc 1.2.7 176.90 OK
r-devel-windows-x86_64 1.2.7 75.00 165.00 240.00 OK
r-patched-linux-x86_64 1.2.7 19.98 126.45 146.43 OK
r-release-linux-x86_64 1.2.6 13.60 120.31 133.91 WARN
r-release-macos-arm64 1.2.7 42.00 OK
r-release-macos-x86_64 1.2.7 64.00 OK
r-release-windows-x86_64 1.2.6 62.00 159.00 221.00 WARN
r-oldrel-macos-arm64 1.2.7 43.00 OK
r-oldrel-macos-x86_64 1.2.7 65.00 OK
r-oldrel-windows-ix86+x86_64 1.2.6 28.00 163.00 191.00 WARN

Check Details

Version: 1.2.6
Check: package subdirectories
Result: NOTE
    Problems with news in ‘NEWS.md’:
    No news entries found.
Flavor: r-devel-linux-x86_64-debian-clang

Version: 1.2.6
Check: examples
Result: WARN
    Found the following significant warnings:
    
     Warning: 'rgl.open' is deprecated.
     Warning: 'rgl.bg' is deprecated.
     Warning: 'rgl.open' is deprecated.
     Warning: 'rgl.bg' is deprecated.
     Warning: 'rgl.open' is deprecated.
     Warning: 'rgl.bg' is deprecated.
     Warning: 'rgl.open' is deprecated.
     Warning: 'rgl.bg' is deprecated.
    Deprecated functions may be defunct as soon as of the next release of
    R.
    See ?Deprecated.
    Examples with CPU (user + system) or elapsed time > 5s
     user system elapsed
    resampletest 5.297 0.04 7.086
Flavor: r-devel-linux-x86_64-debian-clang

Version: 1.2.6
Check: examples
Result: WARN
    Found the following significant warnings:
    
     Warning: 'rgl.open' is deprecated.
     Warning: 'rgl.bg' is deprecated.
     Warning: 'rgl.open' is deprecated.
     Warning: 'rgl.bg' is deprecated.
     Warning: 'rgl.open' is deprecated.
     Warning: 'rgl.bg' is deprecated.
     Warning: 'rgl.open' is deprecated.
     Warning: 'rgl.bg' is deprecated.
    Deprecated functions may be defunct as soon as of the next release of
    R.
    See ?Deprecated.
    Examples with CPU (user + system) or elapsed time > 5s
     user system elapsed
    resampletest 5.18 0.027 6.687
Flavor: r-release-linux-x86_64

Version: 1.2.6
Check: examples
Result: WARN
    Found the following significant warnings:
    
     Warning: 'rgl.open' is deprecated.
     Warning: 'rgl.bg' is deprecated.
     Warning: 'rgl.open' is deprecated.
     Warning: 'rgl.bg' is deprecated.
     Warning: 'rgl.open' is deprecated.
     Warning: 'rgl.bg' is deprecated.
     Warning: 'rgl.open' is deprecated.
     Warning: 'rgl.bg' is deprecated.
    Deprecated functions may be defunct as soon as of the next release of
    R.
    See ?Deprecated.
Flavors: r-release-windows-x86_64, r-oldrel-windows-ix86+x86_64