CRAN Package Check Results for Package sharpeRratio

Last updated on 2019-09-19 02:48:01 CEST.

Flavor Version Tinstall Tcheck Ttotal Status Flags
r-devel-linux-x86_64-debian-clang 1.1 14.47 24.64 39.11 OK
r-devel-linux-x86_64-debian-gcc 1.1 10.62 20.40 31.02 OK
r-devel-linux-x86_64-fedora-clang 1.1 55.35 NOTE
r-devel-linux-x86_64-fedora-gcc 1.1 51.20 NOTE
r-devel-windows-ix86+x86_64 1.1 45.00 58.00 103.00 OK
r-patched-linux-x86_64 1.1 13.17 24.72 37.89 OK
r-patched-solaris-x86 1.1 66.60 OK
r-release-linux-x86_64 1.1 13.77 24.73 38.50 OK
r-release-windows-ix86+x86_64 1.1 23.00 59.00 82.00 OK
r-release-osx-x86_64 1.1 OK
r-oldrel-windows-ix86+x86_64 1.1 28.00 57.00 85.00 OK
r-oldrel-osx-x86_64 1.1 OK

Check Details

Version: 1.1
Check: compiled code
Result: NOTE
    File ‘sharpeRratio/libs/sharpeRratio.so’:
     Found no calls to: ‘R_registerRoutines’, ‘R_useDynamicSymbols’
    
    It is good practice to register native routines and to disable symbol
    search.
    
    See ‘Writing portable packages’ in the ‘Writing R Extensions’ manual.
Flavors: r-devel-linux-x86_64-fedora-clang, r-devel-linux-x86_64-fedora-gcc