CRAN Package Check Results for Package shinipsum

Last updated on 2021-09-17 08:50:33 CEST.

Flavor Version Tinstall Tcheck Ttotal Status Flags
r-devel-linux-x86_64-debian-clang 0.1.0 6.69 74.97 81.66 OK
r-devel-linux-x86_64-debian-gcc 0.1.0 4.90 55.60 60.50 OK
r-devel-linux-x86_64-fedora-clang 0.1.0 101.77 NOTE
r-devel-linux-x86_64-fedora-gcc 0.1.0 91.87 NOTE
r-devel-windows-x86_64 0.1.0 9.00 101.00 110.00 OK
r-devel-windows-x86_64-gcc10-UCRT 0.1.0 NOTE
r-patched-linux-x86_64 0.1.0 6.57 68.78 75.35 OK
r-patched-solaris-x86 0.1.0 130.20 NOTE
r-release-linux-x86_64 0.1.0 6.28 69.72 76.00 OK
r-release-macos-arm64 0.1.0 NOTE
r-release-macos-x86_64 0.1.0 NOTE
r-release-windows-ix86+x86_64 0.1.0 17.00 76.00 93.00 OK
r-oldrel-macos-x86_64 0.1.0 NOTE
r-oldrel-windows-ix86+x86_64 0.1.0 13.00 99.00 112.00 OK

Check Details

Version: 0.1.0
Check: dependencies in R code
Result: NOTE
    Namespace in Imports field not imported from: ‘utils’
     All declared Imports should be used.
Flavors: r-devel-linux-x86_64-fedora-clang, r-devel-linux-x86_64-fedora-gcc, r-devel-windows-x86_64-gcc10-UCRT, r-patched-solaris-x86, r-release-macos-arm64, r-release-macos-x86_64, r-oldrel-macos-x86_64