CRAN Package Check Results for Package shiny

Last updated on 2020-07-12 05:47:45 CEST.

Flavor Version Tinstall Tcheck Ttotal Status Flags
r-devel-linux-x86_64-debian-clang 1.5.0 35.38 110.51 145.89 OK
r-devel-linux-x86_64-debian-gcc 1.5.0 30.07 85.19 115.26 OK
r-devel-linux-x86_64-fedora-clang 1.5.0 188.07 NOTE
r-devel-linux-x86_64-fedora-gcc 1.5.0 179.84 OK
r-devel-windows-ix86+x86_64 1.5.0 61.00 197.00 258.00 NOTE
r-patched-linux-x86_64 1.5.0 40.57 111.34 151.91 OK
r-patched-solaris-x86 1.5.0 230.70 NOTE
r-release-linux-x86_64 1.5.0 37.53 110.62 148.15 OK
r-release-macos-x86_64 1.5.0 NOTE
r-release-windows-ix86+x86_64 1.5.0 80.00 164.00 244.00 NOTE
r-oldrel-macos-x86_64 1.5.0 NOTE
r-oldrel-windows-ix86+x86_64 1.5.0 74.00 126.00 200.00 NOTE

Check Details

Version: 1.5.0
Check: installed package size
Result: NOTE
     installed size is 11.6Mb
     sub-directories of 1Mb or more:
     R 1.7Mb
     www 8.6Mb
Flavors: r-devel-linux-x86_64-fedora-clang, r-devel-windows-ix86+x86_64, r-patched-solaris-x86, r-release-macos-x86_64, r-release-windows-ix86+x86_64, r-oldrel-macos-x86_64, r-oldrel-windows-ix86+x86_64