CRAN Package Check Results for Package shiny

Last updated on 2020-09-27 15:47:33 CEST.

Flavor Version Tinstall Tcheck Ttotal Status Flags
r-devel-linux-x86_64-debian-clang 1.5.0 41.76 116.19 157.95 OK
r-devel-linux-x86_64-debian-gcc 1.5.0 31.65 88.02 119.67 OK
r-devel-linux-x86_64-fedora-clang 1.5.0 200.90 NOTE
r-devel-linux-x86_64-fedora-gcc 1.5.0 184.41 OK
r-devel-windows-ix86+x86_64 1.5.0 64.00 145.00 209.00 NOTE
r-patched-linux-x86_64 1.5.0 33.72 110.04 143.76 OK
r-patched-solaris-x86 1.5.0 234.90 NOTE
r-release-linux-x86_64 1.5.0 39.43 110.11 149.54 OK
r-release-macos-x86_64 1.5.0 NOTE
r-release-windows-ix86+x86_64 1.5.0 71.00 156.00 227.00 NOTE
r-oldrel-macos-x86_64 1.5.0 NOTE
r-oldrel-windows-ix86+x86_64 1.5.0 59.00 140.00 199.00 NOTE

Check Details

Version: 1.5.0
Check: installed package size
Result: NOTE
     installed size is 11.6Mb
     sub-directories of 1Mb or more:
     R 1.7Mb
     www 8.6Mb
Flavors: r-devel-linux-x86_64-fedora-clang, r-devel-windows-ix86+x86_64, r-patched-solaris-x86, r-release-macos-x86_64, r-release-windows-ix86+x86_64, r-oldrel-macos-x86_64, r-oldrel-windows-ix86+x86_64