CRAN Package Check Results for Package shiny

Last updated on 2022-12-09 10:00:34 CET.

Flavor Version Tinstall Tcheck Ttotal Status Flags
r-devel-linux-x86_64-debian-clang 1.7.3 46.48 174.08 220.56 OK
r-devel-linux-x86_64-debian-gcc 1.7.3 31.08 147.76 178.84 OK
r-devel-linux-x86_64-fedora-clang 1.7.3 285.66 NOTE
r-devel-linux-x86_64-fedora-gcc 1.7.3 262.33 OK
r-devel-windows-x86_64 1.7.3 409.00 299.00 708.00 NOTE
r-patched-linux-x86_64 1.7.3 44.37 149.97 194.34 OK
r-release-linux-x86_64 1.7.3 36.90 150.31 187.21 OK
r-release-macos-arm64 1.7.3 79.00 NOTE
r-release-macos-x86_64 1.7.3 94.00 NOTE
r-release-windows-x86_64 1.7.3 482.00 214.00 696.00 NOTE
r-oldrel-macos-arm64 1.7.3 74.00 NOTE
r-oldrel-macos-x86_64 1.7.3 100.00 NOTE
r-oldrel-windows-ix86+x86_64 1.7.3 66.00 194.00 260.00 NOTE

Check Details

Version: 1.7.3
Check: installed package size
Result: NOTE
     installed size is 10.2Mb
     sub-directories of 1Mb or more:
     R 1.6Mb
     www 7.2Mb
Flavors: r-devel-linux-x86_64-fedora-clang, r-devel-windows-x86_64, r-release-macos-arm64, r-release-macos-x86_64, r-release-windows-x86_64, r-oldrel-macos-arm64, r-oldrel-macos-x86_64, r-oldrel-windows-ix86+x86_64