CRAN Package Check Results for Package shiny

Last updated on 2018-09-21 21:47:50 CEST.

Flavor Version Tinstall Tcheck Ttotal Status Flags
r-devel-linux-x86_64-debian-clang 1.1.0 19.01 80.82 99.83 OK
r-devel-linux-x86_64-debian-gcc 1.1.0 17.60 64.37 81.97 OK
r-devel-linux-x86_64-fedora-clang 1.1.0 121.38 NOTE
r-devel-linux-x86_64-fedora-gcc 1.1.0 118.30 OK
r-devel-windows-ix86+x86_64 1.1.0 50.00 121.00 171.00 NOTE
r-patched-linux-x86_64 1.1.0 19.61 76.24 95.85 OK
r-patched-solaris-x86 1.1.0 149.10 NOTE
r-release-linux-x86_64 1.1.0 22.25 76.70 98.95 OK
r-release-windows-ix86+x86_64 1.1.0 42.00 94.00 136.00 NOTE
r-release-osx-x86_64 1.1.0 NOTE
r-oldrel-windows-ix86+x86_64 1.1.0 15.00 127.00 142.00 NOTE
r-oldrel-osx-x86_64 1.1.0 NOTE

Check Details

Version: 1.1.0
Check: installed package size
Result: NOTE
     installed size is 8.6Mb
     sub-directories of 1Mb or more:
     R 1.1Mb
     www 6.6Mb
Flavors: r-devel-linux-x86_64-fedora-clang, r-devel-windows-ix86+x86_64, r-patched-solaris-x86, r-release-windows-ix86+x86_64, r-release-osx-x86_64, r-oldrel-windows-ix86+x86_64, r-oldrel-osx-x86_64