CRAN Package Check Results for Package shiny

Last updated on 2020-04-05 02:50:45 CEST.

Flavor Version Tinstall Tcheck Ttotal Status Flags
r-devel-linux-x86_64-debian-clang 1.4.0.2 37.17 95.02 132.19 OK
r-devel-linux-x86_64-debian-gcc 1.4.0.2 33.71 73.18 106.89 OK
r-devel-linux-x86_64-fedora-clang 1.4.0.2 159.45 NOTE
r-devel-linux-x86_64-fedora-gcc 1.4.0.2 159.10 OK
r-devel-windows-ix86+x86_64 1.4.0.2 54.00 109.00 163.00 NOTE
r-devel-windows-ix86+x86_64-gcc8 1.4.0.2 50.00 109.00 159.00 NOTE
r-patched-linux-x86_64 1.4.0.2 34.11 93.65 127.76 OK
r-patched-solaris-x86 1.4.0.2 207.10 NOTE
r-release-linux-x86_64 1.4.0.2 32.71 87.73 120.44 OK
r-release-windows-ix86+x86_64 1.4.0.2 54.00 150.00 204.00 NOTE
r-release-osx-x86_64 1.4.0.2 NOTE
r-oldrel-windows-ix86+x86_64 1.4.0.2 47.00 105.00 152.00 NOTE
r-oldrel-osx-x86_64 1.4.0.2 NOTE

Check Details

Version: 1.4.0.2
Check: installed package size
Result: NOTE
     installed size is 10.9Mb
     sub-directories of 1Mb or more:
     R 1.5Mb
     www 8.3Mb
Flavors: r-devel-linux-x86_64-fedora-clang, r-devel-windows-ix86+x86_64, r-devel-windows-ix86+x86_64-gcc8, r-patched-solaris-x86, r-release-windows-ix86+x86_64, r-release-osx-x86_64, r-oldrel-windows-ix86+x86_64, r-oldrel-osx-x86_64