CRAN Package Check Results for Package shiny

Last updated on 2018-02-24 08:49:22 CET.

Flavor Version Tinstall Tcheck Ttotal Status Flags
r-devel-linux-x86_64-debian-clang 1.0.5 19.53 74.21 93.74 OK
r-devel-linux-x86_64-debian-gcc 1.0.5 19.57 58.42 77.99 OK
r-devel-linux-x86_64-fedora-clang 1.0.5 117.40 NOTE
r-devel-linux-x86_64-fedora-gcc 1.0.5 113.07 NOTE
r-devel-windows-ix86+x86_64 1.0.5 49.00 112.00 161.00 NOTE
r-patched-linux-x86_64 1.0.5 3.57 79.51 83.08 OK
r-patched-solaris-x86 1.0.5 125.30 NOTE
r-release-linux-x86_64 1.0.5 4.99 78.99 83.98 OK
r-release-windows-ix86+x86_64 1.0.5 18.00 125.00 143.00 NOTE
r-release-osx-x86_64 1.0.5 NOTE
r-oldrel-windows-ix86+x86_64 1.0.5 14.00 84.00 98.00 NOTE
r-oldrel-osx-x86_64 1.0.5 NOTE

Check Details

Version: 1.0.5
Check: installed package size
Result: NOTE
     installed size is 8.5Mb
     sub-directories of 1Mb or more:
     R 1.0Mb
     www 6.5Mb
Flavors: r-devel-linux-x86_64-fedora-clang, r-devel-linux-x86_64-fedora-gcc, r-devel-windows-ix86+x86_64, r-patched-solaris-x86, r-release-windows-ix86+x86_64, r-release-osx-x86_64, r-oldrel-windows-ix86+x86_64, r-oldrel-osx-x86_64