CRAN Package Check Results for Package shiny

Last updated on 2018-06-20 12:48:55 CEST.

Flavor Version Tinstall Tcheck Ttotal Status Flags
r-devel-linux-x86_64-debian-clang 1.1.0 20.62 81.40 102.02 OK
r-devel-linux-x86_64-debian-gcc 1.1.0 18.42 62.61 81.03 OK
r-devel-linux-x86_64-fedora-clang 1.1.0 120.44 NOTE
r-devel-linux-x86_64-fedora-gcc 1.1.0 114.88 OK
r-devel-windows-ix86+x86_64 1.1.0 48.00 123.00 171.00 NOTE
r-patched-linux-x86_64 1.1.0 22.18 77.24 99.42 OK
r-patched-solaris-x86 1.1.0 148.60 NOTE
r-release-linux-x86_64 1.1.0 18.90 75.91 94.81 OK
r-release-windows-ix86+x86_64 1.1.0 33.00 119.00 152.00 NOTE
r-release-osx-x86_64 1.1.0 NOTE
r-oldrel-windows-ix86+x86_64 1.1.0 18.00 91.00 109.00 NOTE
r-oldrel-osx-x86_64 1.1.0 NOTE

Check Details

Version: 1.1.0
Check: installed package size
Result: NOTE
     installed size is 8.6Mb
     sub-directories of 1Mb or more:
     R 1.1Mb
     www 6.6Mb
Flavors: r-devel-linux-x86_64-fedora-clang, r-devel-windows-ix86+x86_64, r-patched-solaris-x86, r-release-windows-ix86+x86_64, r-release-osx-x86_64, r-oldrel-windows-ix86+x86_64, r-oldrel-osx-x86_64