CRAN Package Check Results for Package shiny

Last updated on 2017-11-22 13:58:48 CET.

Flavor Version Tinstall Tcheck Ttotal Status Flags
r-devel-linux-x86_64-debian-clang 1.0.5 3.12 56.54 59.66 OK
r-devel-linux-x86_64-debian-gcc 1.0.5 3.91 108.97 112.88 OK
r-devel-linux-x86_64-fedora-clang 1.0.5 90.70 NOTE
r-devel-linux-x86_64-fedora-gcc 1.0.5 133.58 NOTE
r-devel-windows-ix86+x86_64 1.0.5 14.00 88.00 102.00 ERROR
r-patched-linux-x86_64 1.0.5 3.21 58.23 61.44 OK
r-patched-solaris-x86 1.0.5 118.30 NOTE
r-release-linux-x86_64 1.0.5 3.15 57.39 60.54 OK
r-release-windows-ix86+x86_64 1.0.5 14.00 134.00 148.00 ERROR
r-release-osx-x86_64 1.0.5 NOTE
r-oldrel-windows-ix86+x86_64 1.0.5 13.00 86.00 99.00 NOTE
r-oldrel-osx-x86_64 1.0.5 NOTE

Check Details

Version: 1.0.5
Check: installed package size
Result: NOTE
     installed size is 7.8Mb
     sub-directories of 1Mb or more:
     www 6.5Mb
Flavors: r-devel-linux-x86_64-fedora-clang, r-devel-linux-x86_64-fedora-gcc, r-devel-windows-ix86+x86_64, r-patched-solaris-x86, r-release-windows-ix86+x86_64, r-release-osx-x86_64, r-oldrel-windows-ix86+x86_64, r-oldrel-osx-x86_64

Version: 1.0.5
Check: tests
Result: ERROR
     Running 'test-all.R' [17s]
    Running the tests in 'tests/test-all.R' failed.
    Last 13 lines of output:
    
     2. Failure: debounce/throttle work properly (without priming) (@test-reactivity.r#1128)
     isolate(tr()) not identical to `expected`.
     1/1 mismatches
     [1] 9 - 10 == -1
    
    
     Unknown testing environment for test-staticdocs.R.
     testthat results ================================================================
     OK: 619 SKIPPED: 0 FAILED: 2
     1. Failure: debounce/throttle work properly (with priming) (@test-reactivity.r#1125)
     2. Failure: debounce/throttle work properly (without priming) (@test-reactivity.r#1128)
    
     Error: testthat unit tests failed
     Execution halted
Flavor: r-devel-windows-ix86+x86_64

Version: 1.0.5
Check: tests
Result: ERROR
     Running 'test-all.R' [22s]
    Running the tests in 'tests/test-all.R' failed.
    Last 13 lines of output:
     >
     > test_check("shiny")
     1. Failure: debounce/throttle work properly (without priming) (@test-reactivity.r#1128)
     isolate(tr()) not identical to `expected`.
     1/1 mismatches
     [1] 9 - 10 == -1
    
    
     Unknown testing environment for test-staticdocs.R.
     testthat results ================================================================
     OK: 620 SKIPPED: 0 FAILED: 1
     1. Failure: debounce/throttle work properly (without priming) (@test-reactivity.r#1128)
    
     Error: testthat unit tests failed
     Execution halted
Flavor: r-release-windows-ix86+x86_64