CRAN Package Check Results for Package shiny

Last updated on 2020-02-19 04:50:13 CET.

Flavor Version Tinstall Tcheck Ttotal Status Flags
r-devel-linux-x86_64-debian-clang 1.4.0 38.19 98.68 136.87 OK
r-devel-linux-x86_64-debian-gcc 1.4.0 30.25 74.69 104.94 OK
r-devel-linux-x86_64-fedora-clang 1.4.0 163.26 NOTE
r-devel-linux-x86_64-fedora-gcc 1.4.0 167.20 OK
r-devel-windows-ix86+x86_64 1.4.0 54.00 116.00 170.00 NOTE
r-devel-windows-ix86+x86_64-gcc8 1.4.0 74.00 116.00 190.00 NOTE
r-patched-linux-x86_64 1.4.0 29.47 87.81 117.28 OK
r-patched-solaris-x86 1.4.0 191.00 NOTE
r-release-linux-x86_64 1.4.0 31.35 86.80 118.15 OK
r-release-windows-ix86+x86_64 1.4.0 49.00 116.00 165.00 NOTE
r-release-osx-x86_64 1.4.0 NOTE
r-oldrel-windows-ix86+x86_64 1.4.0 44.00 100.00 144.00 NOTE
r-oldrel-osx-x86_64 1.4.0 NOTE

Check Details

Version: 1.4.0
Check: installed package size
Result: NOTE
     installed size is 10.9Mb
     sub-directories of 1Mb or more:
     R 1.5Mb
     www 8.3Mb
Flavors: r-devel-linux-x86_64-fedora-clang, r-devel-windows-ix86+x86_64, r-devel-windows-ix86+x86_64-gcc8, r-patched-solaris-x86, r-release-windows-ix86+x86_64, r-release-osx-x86_64, r-oldrel-windows-ix86+x86_64, r-oldrel-osx-x86_64