Last updated on 2023-03-22 07:57:45 CET.
Flavor | Version | Tinstall | Tcheck | Ttotal | Status | Flags |
---|---|---|---|---|---|---|
r-devel-linux-x86_64-debian-clang | 1.7.4 | 34.91 | 169.29 | 204.20 | OK | |
r-devel-linux-x86_64-debian-gcc | 1.7.4 | 31.70 | 130.43 | 162.13 | OK | |
r-devel-linux-x86_64-fedora-clang | 1.7.4 | 264.22 | NOTE | |||
r-devel-linux-x86_64-fedora-gcc | 1.7.4 | 251.65 | OK | |||
r-patched-linux-x86_64 | 1.7.4 | 46.35 | 148.90 | 195.25 | OK | |
r-release-linux-x86_64 | 1.7.4 | 38.40 | 146.16 | 184.56 | OK | |
r-release-macos-arm64 | 1.7.4 | 75.00 | NOTE | |||
r-release-macos-x86_64 | 1.7.4 | 95.00 | NOTE | |||
r-release-windows-x86_64 | 1.7.4 | 342.00 | 218.00 | 560.00 | NOTE | |
r-oldrel-macos-arm64 | 1.7.4 | 72.00 | NOTE | |||
r-oldrel-macos-x86_64 | 1.7.4 | 102.00 | NOTE | |||
r-oldrel-windows-ix86+x86_64 | 1.7.4 | 66.00 | 192.00 | 258.00 | NOTE |
Version: 1.7.4
Check: installed package size
Result: NOTE
installed size is 10.5Mb
sub-directories of 1Mb or more:
R 1.6Mb
www 7.5Mb
Flavors: r-devel-linux-x86_64-fedora-clang, r-release-macos-arm64, r-release-macos-x86_64, r-release-windows-x86_64, r-oldrel-macos-arm64, r-oldrel-macos-x86_64, r-oldrel-windows-ix86+x86_64