Last updated on 2022-05-19 09:53:24 CEST.
Flavor | Version | Tinstall | Tcheck | Ttotal | Status | Flags |
---|---|---|---|---|---|---|
r-devel-linux-x86_64-debian-clang | 1.7.1 | 33.04 | 161.99 | 195.03 | OK | |
r-devel-linux-x86_64-debian-gcc | 1.7.1 | 33.02 | 122.74 | 155.76 | OK | |
r-devel-linux-x86_64-fedora-clang | 1.7.1 | 235.76 | NOTE | |||
r-devel-linux-x86_64-fedora-gcc | 1.7.1 | 239.03 | OK | |||
r-devel-windows-x86_64 | 1.7.1 | 381.00 | 213.00 | 594.00 | NOTE | |
r-patched-linux-x86_64 | 1.7.1 | 46.68 | 153.29 | 199.97 | OK | |
r-release-linux-x86_64 | 1.7.1 | 36.56 | 155.40 | 191.96 | OK | |
r-release-macos-arm64 | 1.7.1 | 76.00 | NOTE | |||
r-release-macos-x86_64 | 1.7.1 | 99.00 | NOTE | |||
r-release-windows-x86_64 | 1.7.1 | 304.00 | 206.00 | 510.00 | NOTE | |
r-oldrel-macos-arm64 | 1.7.1 | 80.00 | NOTE | |||
r-oldrel-macos-x86_64 | 1.7.1 | 94.00 | NOTE | |||
r-oldrel-windows-ix86+x86_64 | 1.7.1 | 68.00 | 199.00 | 267.00 | NOTE |
Version: 1.7.1
Check: installed package size
Result: NOTE
installed size is 10.2Mb
sub-directories of 1Mb or more:
R 1.6Mb
www 7.2Mb
Flavors: r-devel-linux-x86_64-fedora-clang, r-devel-windows-x86_64, r-release-macos-arm64, r-release-macos-x86_64, r-release-windows-x86_64, r-oldrel-macos-arm64, r-oldrel-macos-x86_64, r-oldrel-windows-ix86+x86_64