CRAN Package Check Results for Package shiny

Last updated on 2021-05-06 17:47:59 CEST.

Flavor Version Tinstall Tcheck Ttotal Status Flags
r-devel-linux-x86_64-debian-clang 1.6.0 39.40 133.23 172.63 OK
r-devel-linux-x86_64-debian-gcc 1.6.0 32.70 101.06 133.76 OK
r-devel-linux-x86_64-fedora-clang 1.6.0 226.33 NOTE
r-devel-linux-x86_64-fedora-gcc 1.6.0 205.83 OK
r-devel-windows-ix86+x86_64 1.6.0 50.00 170.00 220.00 NOTE
r-devel-windows-x86_64-gcc10-UCRT 1.6.0 OK
r-patched-linux-x86_64 1.6.0 49.03 127.47 176.50 OK
r-patched-solaris-x86 1.6.0 259.30 NOTE
r-release-linux-x86_64 1.6.0 34.10 124.46 158.56 OK
r-release-macos-x86_64 1.6.0 NOTE
r-release-windows-ix86+x86_64 1.6.0 50.00 127.00 177.00 NOTE
r-oldrel-macos-x86_64 1.6.0 NOTE
r-oldrel-windows-ix86+x86_64 1.6.0 60.00 159.00 219.00 NOTE

Check Details

Version: 1.6.0
Check: installed package size
Result: NOTE
     installed size is 12.0Mb
     sub-directories of 1Mb or more:
     R 1.7Mb
     www 9.0Mb
Flavors: r-devel-linux-x86_64-fedora-clang, r-devel-windows-ix86+x86_64, r-patched-solaris-x86, r-release-macos-x86_64, r-release-windows-ix86+x86_64, r-oldrel-macos-x86_64, r-oldrel-windows-ix86+x86_64

Version: 1.6.0
Check: Rd cross-references
Result: NOTE
    Undeclared package ‘htmlwidgets’ in Rd xrefs
Flavor: r-devel-linux-x86_64-fedora-clang