CRAN Package Check Results for Package shiny.i18n

Last updated on 2021-10-27 17:53:03 CEST.

Flavor Version Tinstall Tcheck Ttotal Status Flags
r-devel-linux-x86_64-debian-clang 0.2.0 5.75 37.20 42.95 NOTE
r-devel-linux-x86_64-debian-gcc 0.2.0 3.88 29.62 33.50 NOTE
r-devel-linux-x86_64-fedora-clang 0.2.0 61.71 NOTE
r-devel-linux-x86_64-fedora-gcc 0.2.0 50.79 NOTE
r-devel-windows-x86_64 0.2.0 9.00 48.00 57.00 NOTE
r-devel-windows-x86_64-gcc10-UCRT 0.2.0 NOTE
r-patched-linux-x86_64 0.2.0 5.74 36.51 42.25 NOTE
r-patched-solaris-x86 0.2.0 82.40 NOTE
r-release-linux-x86_64 0.2.0 5.30 36.50 41.80 NOTE
r-release-macos-arm64 0.2.0 NOTE
r-release-macos-x86_64 0.2.0 NOTE
r-release-windows-ix86+x86_64 0.2.0 9.00 72.00 81.00 NOTE
r-oldrel-macos-x86_64 0.2.0 NOTE
r-oldrel-windows-ix86+x86_64 0.2.0 9.00 61.00 70.00 OK

Check Details

Version: 0.2.0
Check: LazyData
Result: NOTE
     'LazyData' is specified without a 'data' directory
Flavors: r-devel-linux-x86_64-debian-clang, r-devel-linux-x86_64-debian-gcc, r-devel-linux-x86_64-fedora-clang, r-devel-linux-x86_64-fedora-gcc, r-devel-windows-x86_64, r-devel-windows-x86_64-gcc10-UCRT, r-patched-linux-x86_64, r-patched-solaris-x86, r-release-linux-x86_64, r-release-macos-arm64, r-release-macos-x86_64, r-release-windows-ix86+x86_64

Version: 0.2.0
Check: dependencies in R code
Result: NOTE
    Namespace in Imports field not imported from: ‘R6’
     All declared Imports should be used.
Flavors: r-devel-linux-x86_64-fedora-clang, r-devel-linux-x86_64-fedora-gcc, r-devel-windows-x86_64-gcc10-UCRT, r-patched-solaris-x86, r-release-macos-arm64, r-release-macos-x86_64, r-oldrel-macos-x86_64