CRAN Package Check Results for Package shiny.pwa

Last updated on 2021-06-22 15:52:04 CEST.

Flavor Version Tinstall Tcheck Ttotal Status Flags
r-devel-linux-x86_64-debian-clang 0.2.0 4.38 37.92 42.30 NOTE
r-devel-linux-x86_64-debian-gcc 0.2.1 3.56 29.63 33.19 OK
r-devel-linux-x86_64-fedora-clang 0.2.1 59.63 OK
r-devel-linux-x86_64-fedora-gcc 0.2.1 49.05 OK
r-devel-windows-x86_64 0.2.0 7.00 60.00 67.00 NOTE
r-devel-windows-x86_64-gcc10-UCRT 0.2.1 OK
r-patched-linux-x86_64 0.2.1 4.68 36.11 40.79 OK
r-patched-solaris-x86 0.2.1 67.50 OK
r-release-linux-x86_64 0.2.0 4.52 35.76 40.28 NOTE
r-release-macos-arm64 0.2.0 NOTE
r-release-macos-x86_64 0.2.1 OK
r-release-windows-ix86+x86_64 0.2.1 12.00 82.00 94.00 OK
r-oldrel-macos-x86_64 0.2.1 OK
r-oldrel-windows-ix86+x86_64 0.2.1 12.00 59.00 71.00 OK

Check Details

Version: 0.2.0
Check: LazyData
Result: NOTE
     'LazyData' is specified without a 'data' directory
Flavors: r-devel-linux-x86_64-debian-clang, r-devel-windows-x86_64, r-release-linux-x86_64, r-release-macos-arm64