CRAN Package Check Results for Package shiny.worker

Last updated on 2021-09-16 11:53:37 CEST.

Flavor Version Tinstall Tcheck Ttotal Status Flags
r-devel-linux-x86_64-debian-clang 0.0.1 3.30 22.48 25.78 NOTE
r-devel-linux-x86_64-debian-gcc 0.0.1 2.07 18.03 20.10 NOTE
r-devel-linux-x86_64-fedora-clang 0.0.1 41.56 NOTE
r-devel-linux-x86_64-fedora-gcc 0.0.1 30.65 NOTE
r-devel-windows-x86_64 0.0.1 5.00 41.00 46.00 NOTE
r-devel-windows-x86_64-gcc10-UCRT 0.0.1 NOTE
r-patched-linux-x86_64 0.0.1 2.95 21.86 24.81 NOTE
r-patched-solaris-x86 0.0.1 49.10 NOTE
r-release-linux-x86_64 0.0.1 3.23 21.87 25.10 NOTE
r-release-macos-arm64 0.0.1 NOTE
r-release-macos-x86_64 0.0.1 NOTE
r-release-windows-ix86+x86_64 0.0.1 8.00 32.00 40.00 NOTE
r-oldrel-macos-x86_64 0.0.1 NOTE
r-oldrel-windows-ix86+x86_64 0.0.1 6.00 35.00 41.00 OK

Check Details

Version: 0.0.1
Check: LazyData
Result: NOTE
     'LazyData' is specified without a 'data' directory
Flavors: r-devel-linux-x86_64-debian-clang, r-devel-linux-x86_64-debian-gcc, r-devel-linux-x86_64-fedora-clang, r-devel-linux-x86_64-fedora-gcc, r-devel-windows-x86_64, r-devel-windows-x86_64-gcc10-UCRT, r-patched-linux-x86_64, r-patched-solaris-x86, r-release-linux-x86_64, r-release-macos-arm64, r-release-macos-x86_64, r-release-windows-ix86+x86_64

Version: 0.0.1
Check: dependencies in R code
Result: NOTE
    Namespaces in Imports field not imported from:
     ‘R6’ ‘shiny’
     All declared Imports should be used.
Flavors: r-devel-linux-x86_64-fedora-clang, r-devel-linux-x86_64-fedora-gcc, r-devel-windows-x86_64-gcc10-UCRT, r-patched-solaris-x86, r-release-macos-arm64, r-release-macos-x86_64, r-oldrel-macos-x86_64