Last updated on 2023-06-10 15:56:33 CEST.
Flavor | Version | Tinstall | Tcheck | Ttotal | Status | Flags |
---|---|---|---|---|---|---|
r-devel-linux-x86_64-debian-clang | 0.4.2 | 5.82 | 42.42 | 48.24 | OK | |
r-devel-linux-x86_64-debian-gcc | 0.4.2 | 4.82 | 34.46 | 39.28 | OK | |
r-devel-linux-x86_64-fedora-clang | 0.4.2 | 64.32 | NOTE | |||
r-devel-linux-x86_64-fedora-gcc | 0.4.2 | 72.41 | OK | |||
r-devel-windows-x86_64 | 0.4.2 | 10.00 | 57.00 | 67.00 | NOTE | |
r-patched-linux-x86_64 | 0.4.2 | 6.71 | 41.91 | 48.62 | OK | |
r-release-linux-x86_64 | 0.4.2 | 5.62 | 42.51 | 48.13 | OK | |
r-release-macos-arm64 | 0.4.2 | 32.00 | NOTE | |||
r-release-macos-x86_64 | 0.4.2 | 48.00 | NOTE | |||
r-release-windows-x86_64 | 0.4.2 | 11.00 | 64.00 | 75.00 | NOTE | |
r-oldrel-macos-arm64 | 0.4.2 | 28.00 | NOTE | |||
r-oldrel-macos-x86_64 | 0.4.2 | 40.00 | NOTE | |||
r-oldrel-windows-x86_64 | 0.4.2 | 10.00 | 67.00 | 77.00 | NOTE |
Version: 0.4.2
Check: installed package size
Result: NOTE
installed size is 8.1Mb
sub-directories of 1Mb or more:
www 7.7Mb
Flavors: r-devel-linux-x86_64-fedora-clang, r-devel-windows-x86_64, r-release-macos-arm64, r-release-macos-x86_64, r-release-windows-x86_64, r-oldrel-macos-arm64, r-oldrel-macos-x86_64, r-oldrel-windows-x86_64