CRAN Package Check Results for Package shinyCyJS

Last updated on 2022-08-11 00:51:06 CEST.

Flavor Version Tinstall Tcheck Ttotal Status Flags
r-devel-linux-x86_64-debian-clang 0.0.11 3.29 30.30 33.59 NOTE
r-devel-linux-x86_64-debian-gcc 0.0.11 2.38 23.52 25.90 NOTE
r-devel-linux-x86_64-fedora-clang 0.0.11 49.90 NOTE
r-devel-linux-x86_64-fedora-gcc 0.0.11 51.94 NOTE
r-devel-windows-x86_64 0.0.11 6.00 59.00 65.00 NOTE
r-patched-linux-x86_64 0.0.11 2.32 29.67 31.99 NOTE
r-release-linux-x86_64 0.0.11 NOTE
r-release-macos-arm64 0.0.11 17.00 NOTE
r-release-macos-x86_64 0.0.11 25.00 NOTE
r-release-windows-x86_64 0.0.11 70.00 56.00 126.00 NOTE
r-oldrel-macos-arm64 0.0.11 23.00 NOTE
r-oldrel-macos-x86_64 0.0.11 30.00 NOTE
r-oldrel-windows-ix86+x86_64 0.0.11 8.00 47.00 55.00 NOTE

Check Details

Version: 0.0.11
Check: LazyData
Result: NOTE
     'LazyData' is specified without a 'data' directory
Flavors: r-devel-linux-x86_64-debian-clang, r-devel-linux-x86_64-debian-gcc, r-devel-linux-x86_64-fedora-clang, r-devel-linux-x86_64-fedora-gcc, r-devel-windows-x86_64, r-patched-linux-x86_64, r-release-linux-x86_64, r-release-macos-arm64, r-release-macos-x86_64, r-release-windows-x86_64, r-oldrel-macos-arm64, r-oldrel-macos-x86_64, r-oldrel-windows-ix86+x86_64