Last updated on 2023-03-29 06:04:57 CEST.
Flavor | Version | Tinstall | Tcheck | Ttotal | Status | Flags |
---|---|---|---|---|---|---|
r-devel-linux-x86_64-debian-clang | 1.0.0 | 5.61 | 43.27 | 48.88 | OK | |
r-devel-linux-x86_64-debian-gcc | 1.0.0 | 4.68 | 34.22 | 38.90 | OK | |
r-devel-linux-x86_64-fedora-clang | 1.0.0 | 60.32 | NOTE | |||
r-devel-linux-x86_64-fedora-gcc | 1.0.0 | 58.35 | OK | |||
r-patched-linux-x86_64 | 1.0.0 | 4.78 | 42.46 | 47.24 | OK | |
r-release-linux-x86_64 | 1.0.0 | 6.03 | 43.69 | 49.72 | OK | |
r-release-macos-arm64 | 1.0.0 | 25.00 | NOTE | |||
r-release-macos-x86_64 | 1.0.0 | 30.00 | NOTE | |||
r-release-windows-x86_64 | 1.0.0 | 9.00 | 75.00 | 84.00 | NOTE | |
r-oldrel-macos-arm64 | 1.0.0 | 24.00 | NOTE | |||
r-oldrel-macos-x86_64 | 1.0.0 | 34.00 | NOTE | |||
r-oldrel-windows-ix86+x86_64 | 1.0.0 | 15.00 | 68.00 | 83.00 | NOTE |
Version: 1.0.0
Check: installed package size
Result: NOTE
installed size is 7.8Mb
sub-directories of 1Mb or more:
www 7.7Mb
Flavors: r-devel-linux-x86_64-fedora-clang, r-release-macos-arm64, r-release-macos-x86_64, r-release-windows-x86_64, r-oldrel-macos-arm64, r-oldrel-macos-x86_64, r-oldrel-windows-ix86+x86_64