CRAN Package Check Results for Package shinyFiles

Last updated on 2021-10-22 02:58:20 CEST.

Flavor Version Tinstall Tcheck Ttotal Status Flags
r-devel-linux-x86_64-debian-clang 0.9.0 6.52 43.88 50.40 OK
r-devel-linux-x86_64-debian-gcc 0.9.0 4.66 34.25 38.91 OK
r-devel-linux-x86_64-fedora-clang 0.9.0 69.23 OK
r-devel-linux-x86_64-fedora-gcc 0.9.0 57.75 OK
r-devel-windows-x86_64 0.9.0 10.00 55.00 65.00 OK
r-devel-windows-x86_64-gcc10-UCRT OK
r-patched-linux-x86_64 0.9.0 5.41 41.83 47.24 OK
r-patched-solaris-x86 0.9.0 86.70 OK
r-release-linux-x86_64 0.9.0 4.70 42.46 47.16 OK
r-release-macos-arm64 0.9.0 OK
r-release-macos-x86_64 0.9.0 OK
r-release-windows-ix86+x86_64 0.9.0 11.00 68.00 79.00 OK
r-oldrel-macos-x86_64 0.9.0 OK
r-oldrel-windows-ix86+x86_64 0.9.0 5.00 8.00 13.00 ERROR

Check Details

Version: 0.9.0
Check: whether package can be installed
Result: ERROR
    Installation failed.
Flavor: r-oldrel-windows-ix86+x86_64