CRAN Package Check Results for Package shinyIRT

Last updated on 2021-06-15 23:51:31 CEST.

Flavor Version Tinstall Tcheck Ttotal Status Flags
r-devel-linux-x86_64-debian-clang 0.1 10.77 85.22 95.99 NOTE
r-devel-linux-x86_64-debian-gcc 0.1 9.20 68.27 77.47 NOTE
r-devel-linux-x86_64-fedora-clang 0.1 126.72 NOTE
r-devel-linux-x86_64-fedora-gcc 0.1 116.93 NOTE
r-devel-windows-x86_64 0.1 18.00 110.00 128.00 NOTE
r-devel-windows-x86_64-gcc10-UCRT 0.1 NOTE
r-patched-linux-x86_64 0.1 10.39 84.65 95.04 NOTE
r-patched-solaris-x86 0.1 179.70 NOTE
r-release-linux-x86_64 0.1 9.08 84.49 93.57 NOTE
r-release-macos-arm64 0.1 NOTE
r-release-macos-x86_64 0.1 NOTE
r-release-windows-ix86+x86_64 0.1 24.00 117.00 141.00 NOTE
r-oldrel-macos-x86_64 0.1 OK
r-oldrel-windows-ix86+x86_64 0.1 27.00 113.00 140.00 OK

Check Details

Version: 0.1
Check: LazyData
Result: NOTE
     'LazyData' is specified without a 'data' directory
Flavors: r-devel-linux-x86_64-debian-clang, r-devel-linux-x86_64-debian-gcc, r-devel-linux-x86_64-fedora-clang, r-devel-linux-x86_64-fedora-gcc, r-devel-windows-x86_64, r-devel-windows-x86_64-gcc10-UCRT, r-patched-linux-x86_64, r-patched-solaris-x86, r-release-linux-x86_64, r-release-macos-arm64, r-release-macos-x86_64, r-release-windows-ix86+x86_64