CRAN Package Check Results for Package shinyIRT

Last updated on 2021-10-26 01:00:06 CEST.

Flavor Version Tinstall Tcheck Ttotal Status Flags
r-devel-linux-x86_64-debian-clang 0.1 10.02 80.88 90.90 NOTE
r-devel-linux-x86_64-debian-gcc 0.1 8.84 65.05 73.89 NOTE
r-devel-linux-x86_64-fedora-clang 0.1 121.18 NOTE
r-devel-linux-x86_64-fedora-gcc 0.1 108.90 NOTE
r-devel-windows-x86_64 0.1 16.00 81.00 97.00 NOTE
r-devel-windows-x86_64-gcc10-UCRT 0.1 NOTE
r-patched-linux-x86_64 0.1 11.23 80.65 91.88 NOTE
r-patched-solaris-x86 0.1 171.60 NOTE
r-release-linux-x86_64 0.1 9.74 80.31 90.05 NOTE
r-release-macos-arm64 0.1 NOTE
r-release-macos-x86_64 0.1 NOTE
r-release-windows-ix86+x86_64 0.1 17.00 107.00 124.00 NOTE
r-oldrel-macos-x86_64 0.1 OK
r-oldrel-windows-ix86+x86_64 0.1 23.00 109.00 132.00 OK

Check Details

Version: 0.1
Check: LazyData
Result: NOTE
     'LazyData' is specified without a 'data' directory
Flavors: r-devel-linux-x86_64-debian-clang, r-devel-linux-x86_64-debian-gcc, r-devel-linux-x86_64-fedora-clang, r-devel-linux-x86_64-fedora-gcc, r-devel-windows-x86_64, r-devel-windows-x86_64-gcc10-UCRT, r-patched-linux-x86_64, r-patched-solaris-x86, r-release-linux-x86_64, r-release-macos-arm64, r-release-macos-x86_64, r-release-windows-ix86+x86_64