CRAN Package Check Results for Package shinyKGode

Last updated on 2018-12-19 08:49:04 CET.

Flavor Version Tinstall Tcheck Ttotal Status Flags
r-devel-linux-x86_64-debian-clang 1.0.5 1.00 17.70 18.70 OK
r-devel-linux-x86_64-debian-gcc 1.0.5 0.81 14.69 15.50 OK
r-devel-linux-x86_64-fedora-clang 1.0.5 22.45 NOTE
r-devel-linux-x86_64-fedora-gcc 1.0.5 21.14 NOTE
r-devel-windows-ix86+x86_64 1.0.5 5.00 47.00 52.00 OK
r-patched-linux-x86_64 1.0.5 0.95 16.67 17.62 OK
r-patched-solaris-x86 1.0.5 34.10 NOTE
r-release-linux-x86_64 1.0.5 0.93 16.72 17.65 OK
r-release-windows-ix86+x86_64 1.0.5 7.00 48.00 55.00 OK
r-release-osx-x86_64 1.0.5 NOTE
r-oldrel-windows-ix86+x86_64 1.0.5 5.00 42.00 47.00 OK
r-oldrel-osx-x86_64 1.0.5 NOTE

Check Details

Version: 1.0.5
Check: dependencies in R code
Result: NOTE
    Namespaces in Imports field not imported from:
     ‘KGode’ ‘XML’ ‘ggplot2’ ‘gridExtra’ ‘mvtnorm’ ‘reshape2’ ‘shinyjs’
     All declared Imports should be used.
Flavors: r-devel-linux-x86_64-fedora-clang, r-devel-linux-x86_64-fedora-gcc, r-patched-solaris-x86, r-release-osx-x86_64, r-oldrel-osx-x86_64