CRAN Package Check Results for Package shinyKGode

Last updated on 2018-09-24 19:46:46 CEST.

Flavor Version Tinstall Tcheck Ttotal Status Flags
r-devel-linux-x86_64-debian-clang 1.0.5 1.03 17.94 18.97 OK
r-devel-linux-x86_64-debian-gcc 1.0.5 0.90 14.81 15.71 OK
r-devel-linux-x86_64-fedora-clang 1.0.5 22.59 NOTE
r-devel-linux-x86_64-fedora-gcc 1.0.5 21.64 NOTE
r-devel-windows-ix86+x86_64 1.0.5 3.00 32.00 35.00 OK
r-patched-linux-x86_64 1.0.5 0.68 16.44 17.12 OK
r-patched-solaris-x86 1.0.5 33.70 NOTE
r-release-linux-x86_64 1.0.5 0.72 16.83 17.55 OK
r-release-windows-ix86+x86_64 1.0.5 4.00 42.00 46.00 OK
r-release-osx-x86_64 1.0.5 NOTE
r-oldrel-windows-ix86+x86_64 1.0.5 3.00 37.00 40.00 OK
r-oldrel-osx-x86_64 1.0.5 NOTE

Check Details

Version: 1.0.5
Check: dependencies in R code
Result: NOTE
    Namespaces in Imports field not imported from:
     ‘KGode’ ‘XML’ ‘ggplot2’ ‘gridExtra’ ‘mvtnorm’ ‘reshape2’ ‘shinyjs’
     All declared Imports should be used.
Flavors: r-devel-linux-x86_64-fedora-clang, r-devel-linux-x86_64-fedora-gcc, r-patched-solaris-x86, r-release-osx-x86_64, r-oldrel-osx-x86_64