Last updated on 2022-08-13 09:54:36 CEST.
Flavor | Version | Tinstall | Tcheck | Ttotal | Status | Flags |
---|---|---|---|---|---|---|
r-devel-linux-x86_64-debian-clang | 1.1.2 | 4.01 | 37.62 | 41.63 | NOTE | |
r-devel-linux-x86_64-debian-gcc | 1.1.2 | 3.04 | 29.64 | 32.68 | NOTE | |
r-devel-linux-x86_64-fedora-clang | 1.1.2 | 61.35 | NOTE | |||
r-devel-linux-x86_64-fedora-gcc | 1.1.2 | 63.88 | NOTE | |||
r-devel-windows-x86_64 | 1.1.2 | 33.00 | 66.00 | 99.00 | NOTE | |
r-patched-linux-x86_64 | 1.1.2 | 3.95 | 37.12 | 41.07 | NOTE | |
r-release-linux-x86_64 | 1.1.2 | 3.50 | 37.78 | 41.28 | NOTE | |
r-release-macos-arm64 | 1.1.2 | 19.00 | NOTE | |||
r-release-macos-x86_64 | 1.1.2 | 37.00 | NOTE | |||
r-release-windows-x86_64 | 1.1.2 | 25.00 | 69.00 | 94.00 | NOTE | |
r-oldrel-macos-arm64 | 1.1.2 | 23.00 | NOTE | |||
r-oldrel-macos-x86_64 | 1.1.2 | 33.00 | NOTE | |||
r-oldrel-windows-ix86+x86_64 | 1.1.2 | 12.00 | 63.00 | 75.00 | NOTE |
Version: 1.1.2
Check: LazyData
Result: NOTE
'LazyData' is specified without a 'data' directory
Flavors: r-devel-linux-x86_64-debian-clang, r-devel-linux-x86_64-debian-gcc, r-devel-linux-x86_64-fedora-clang, r-devel-linux-x86_64-fedora-gcc, r-devel-windows-x86_64, r-patched-linux-x86_64, r-release-linux-x86_64, r-release-macos-arm64, r-release-macos-x86_64, r-release-windows-x86_64, r-oldrel-macos-arm64, r-oldrel-macos-x86_64, r-oldrel-windows-ix86+x86_64