CRAN Package Check Results for Package shinyMonacoEditor

Last updated on 2022-10-02 06:52:22 CEST.

Flavor Version Tinstall Tcheck Ttotal Status Flags
r-devel-linux-x86_64-debian-clang 1.1.0 5.29 36.55 41.84 NOTE
r-devel-linux-x86_64-debian-gcc 1.1.0 4.73 28.65 33.38 NOTE
r-devel-linux-x86_64-fedora-clang 1.1.0 66.30 NOTE
r-devel-linux-x86_64-fedora-gcc 1.1.0 58.37 NOTE
r-devel-windows-x86_64 1.1.0 12.00 71.00 83.00 NOTE
r-patched-linux-x86_64 1.1.0 5.75 35.70 41.45 NOTE
r-release-linux-x86_64 1.1.0 5.68 35.86 41.54 NOTE
r-release-macos-arm64 1.1.0 20.00 NOTE
r-release-macos-x86_64 1.1.0 39.00 NOTE
r-release-windows-x86_64 1.1.0 897.00 75.00 972.00 NOTE
r-oldrel-macos-arm64 1.1.0 26.00 NOTE
r-oldrel-macos-x86_64 1.1.0 34.00 NOTE
r-oldrel-windows-ix86+x86_64 1.1.0 21.00 62.00 83.00 NOTE

Check Details

Version: 1.1.0
Check: LazyData
Result: NOTE
     'LazyData' is specified without a 'data' directory
Flavors: r-devel-linux-x86_64-debian-clang, r-devel-linux-x86_64-debian-gcc, r-devel-linux-x86_64-fedora-clang, r-devel-linux-x86_64-fedora-gcc, r-devel-windows-x86_64, r-patched-linux-x86_64, r-release-linux-x86_64, r-release-macos-arm64, r-release-macos-x86_64, r-release-windows-x86_64, r-oldrel-macos-arm64, r-oldrel-macos-x86_64, r-oldrel-windows-ix86+x86_64

Version: 1.1.0
Check: installed package size
Result: NOTE
     installed size is 21.6Mb
     sub-directories of 1Mb or more:
     shinyApp 21.4Mb
Flavors: r-devel-linux-x86_64-fedora-clang, r-devel-windows-x86_64, r-release-macos-arm64, r-release-macos-x86_64, r-release-windows-x86_64, r-oldrel-macos-arm64, r-oldrel-macos-x86_64, r-oldrel-windows-ix86+x86_64