CRAN Package Check Results for Package shinySearchbar

Last updated on 2022-12-08 00:52:32 CET.

Flavor Version Tinstall Tcheck Ttotal Status Flags
r-devel-linux-x86_64-debian-clang 1.0.0 4.20 42.18 46.38 NOTE
r-devel-linux-x86_64-debian-gcc 1.0.0 3.18 31.45 34.63 NOTE
r-devel-linux-x86_64-fedora-clang 1.0.0 65.83 NOTE
r-devel-linux-x86_64-fedora-gcc 1.0.0 64.63 NOTE
r-devel-windows-x86_64 1.0.0 24.00 73.00 97.00 NOTE
r-patched-linux-x86_64 1.0.0 4.53 39.50 44.03 NOTE
r-release-linux-x86_64 1.0.0 4.86 39.65 44.51 NOTE
r-release-macos-arm64 1.0.0 19.00 NOTE
r-release-macos-x86_64 1.0.0 39.00 NOTE
r-release-windows-x86_64 1.0.0 30.00 74.00 104.00 NOTE
r-oldrel-macos-arm64 1.0.0 23.00 NOTE
r-oldrel-macos-x86_64 1.0.0 34.00 NOTE
r-oldrel-windows-ix86+x86_64 1.0.0 11.00 66.00 77.00 NOTE

Check Details

Version: 1.0.0
Check: LazyData
Result: NOTE
     'LazyData' is specified without a 'data' directory
Flavors: r-devel-linux-x86_64-debian-clang, r-devel-linux-x86_64-debian-gcc, r-devel-linux-x86_64-fedora-clang, r-devel-linux-x86_64-fedora-gcc, r-devel-windows-x86_64, r-patched-linux-x86_64, r-release-linux-x86_64, r-release-macos-arm64, r-release-macos-x86_64, r-release-windows-x86_64, r-oldrel-macos-arm64, r-oldrel-macos-x86_64, r-oldrel-windows-ix86+x86_64