CRAN Package Check Results for Package shinyShortcut

Last updated on 2022-06-27 21:51:30 CEST.

Flavor Version Tinstall Tcheck Ttotal Status Flags
r-devel-linux-x86_64-debian-clang 0.1.0 1.99 21.92 23.91 NOTE
r-devel-linux-x86_64-debian-gcc 0.1.0 1.54 16.91 18.45 NOTE
r-devel-linux-x86_64-fedora-clang 0.1.0 39.46 NOTE
r-devel-linux-x86_64-fedora-gcc 0.1.0 50.34 NOTE
r-devel-windows-x86_64 0.1.0 18.00 45.00 63.00 NOTE
r-patched-linux-x86_64 0.1.0 1.54 21.48 23.02 NOTE
r-release-linux-x86_64 0.1.0 1.51 21.56 23.07 NOTE
r-release-macos-arm64 0.1.0 23.00 NOTE
r-release-macos-x86_64 0.1.0 26.00 NOTE
r-release-windows-x86_64 0.1.0 14.00 44.00 58.00 NOTE
r-oldrel-macos-arm64 0.1.0 34.00 NOTE
r-oldrel-macos-x86_64 0.1.0 44.00 NOTE
r-oldrel-windows-ix86+x86_64 0.1.0 5.00 41.00 46.00 NOTE

Check Details

Version: 0.1.0
Check: LazyData
Result: NOTE
     'LazyData' is specified without a 'data' directory
Flavors: r-devel-linux-x86_64-debian-clang, r-devel-linux-x86_64-debian-gcc, r-devel-linux-x86_64-fedora-clang, r-devel-linux-x86_64-fedora-gcc, r-devel-windows-x86_64, r-patched-linux-x86_64, r-release-linux-x86_64, r-release-macos-arm64, r-release-macos-x86_64, r-release-windows-x86_64, r-oldrel-macos-arm64, r-oldrel-macos-x86_64, r-oldrel-windows-ix86+x86_64

Version: 0.1.0
Check: for non-standard things in the check directory
Result: NOTE
    Found the following files/directories:
     '.shiny_run' 'shinyShortcut.desktop'
Flavors: r-devel-linux-x86_64-debian-clang, r-devel-linux-x86_64-debian-gcc, r-devel-linux-x86_64-fedora-clang, r-devel-linux-x86_64-fedora-gcc, r-patched-linux-x86_64, r-release-linux-x86_64