CRAN Package Check Results for Package shinyaframe

Last updated on 2023-02-07 11:52:21 CET.

Flavor Version Tinstall Tcheck Ttotal Status Flags
r-devel-linux-x86_64-debian-clang 1.0.1 2.04 25.46 27.50 NOTE
r-devel-linux-x86_64-debian-gcc 1.0.1 1.94 19.72 21.66 NOTE
r-devel-linux-x86_64-fedora-clang 1.0.1 35.33 NOTE
r-devel-linux-x86_64-fedora-gcc 1.0.1 44.44 NOTE
r-devel-windows-x86_64 1.0.1 18.00 57.00 75.00 NOTE
r-patched-linux-x86_64 1.0.1 1.54 24.36 25.90 NOTE
r-release-linux-x86_64 1.0.1 1.66 25.77 27.43 NOTE
r-release-macos-arm64 1.0.1 17.00 NOTE
r-release-macos-x86_64 1.0.1 29.00 NOTE
r-release-windows-x86_64 1.0.1 14.00 65.00 79.00 NOTE
r-oldrel-macos-arm64 1.0.1 20.00 NOTE
r-oldrel-macos-x86_64 1.0.1 29.00 NOTE
r-oldrel-windows-ix86+x86_64 1.0.1 10.00 55.00 65.00 NOTE

Check Details

Version: 1.0.1
Check: LazyData
Result: NOTE
     'LazyData' is specified without a 'data' directory
Flavors: r-devel-linux-x86_64-debian-clang, r-devel-linux-x86_64-debian-gcc, r-devel-linux-x86_64-fedora-clang, r-devel-linux-x86_64-fedora-gcc, r-devel-windows-x86_64, r-patched-linux-x86_64, r-release-linux-x86_64, r-release-macos-arm64, r-release-macos-x86_64, r-release-windows-x86_64, r-oldrel-macos-arm64, r-oldrel-macos-x86_64, r-oldrel-windows-ix86+x86_64

Version: 1.0.1
Check: dependencies in R code
Result: NOTE
    Namespace in Imports field not imported from: ‘shiny’
     All declared Imports should be used.
Flavors: r-devel-linux-x86_64-fedora-clang, r-devel-linux-x86_64-fedora-gcc, r-release-macos-arm64, r-release-macos-x86_64, r-oldrel-macos-arm64, r-oldrel-macos-x86_64