CRAN Package Check Results for Package shinydisconnect

Last updated on 2020-09-26 11:49:17 CEST.

Flavor Version Tinstall Tcheck Ttotal Status Flags
r-devel-linux-x86_64-debian-clang 0.1.0 1.82 18.53 20.35 OK
r-devel-linux-x86_64-debian-gcc 0.1.0 1.46 14.68 16.14 OK
r-devel-linux-x86_64-fedora-clang 0.1.0 33.94 NOTE
r-devel-linux-x86_64-fedora-gcc 0.1.0 23.91 NOTE
r-devel-windows-ix86+x86_64 0.1.0 5.00 36.00 41.00 OK
r-patched-linux-x86_64 0.1.0 1.68 17.94 19.62 OK
r-patched-solaris-x86 0.1.0 38.00 NOTE
r-release-linux-x86_64 0.1.0 1.76 18.01 19.77 OK
r-release-macos-x86_64 0.1.0 NOTE
r-release-windows-ix86+x86_64 0.1.0 21.00 42.00 63.00 OK
r-oldrel-macos-x86_64 0.1.0 NOTE
r-oldrel-windows-ix86+x86_64 0.1.0 4.00 34.00 38.00 OK

Check Details

Version: 0.1.0
Check: dependencies in R code
Result: NOTE
    Namespace in Imports field not imported from: ‘shiny’
     All declared Imports should be used.
Flavors: r-devel-linux-x86_64-fedora-clang, r-devel-linux-x86_64-fedora-gcc, r-patched-solaris-x86, r-release-macos-x86_64, r-oldrel-macos-x86_64