CRAN Package Check Results for Package shinyfullscreen

Last updated on 2021-10-21 15:51:16 CEST.

Flavor Version Tinstall Tcheck Ttotal Status Flags
r-devel-linux-x86_64-debian-clang 1.1.0 2.79 32.04 34.83 NOTE
r-devel-linux-x86_64-debian-gcc 1.1.0 2.18 25.77 27.95 NOTE
r-devel-linux-x86_64-fedora-clang 1.1.0 53.32 NOTE
r-devel-linux-x86_64-fedora-gcc 1.1.0 42.42 NOTE
r-devel-windows-x86_64 1.1.0 6.00 47.00 53.00 NOTE
r-devel-windows-x86_64-gcc10-UCRT 1.1.0 NOTE
r-patched-linux-x86_64 1.1.0 2.73 31.61 34.34 NOTE
r-patched-solaris-x86 1.1.0 66.30 NOTE
r-release-linux-x86_64 1.1.0 2.43 31.56 33.99 NOTE
r-release-macos-arm64 1.1.0 NOTE
r-release-macos-x86_64 1.1.0 NOTE
r-release-windows-ix86+x86_64 1.1.0 6.00 58.00 64.00 NOTE
r-oldrel-macos-x86_64 1.1.0 OK
r-oldrel-windows-ix86+x86_64 1.1.0 9.00 54.00 63.00 OK

Check Details

Version: 1.1.0
Check: LazyData
Result: NOTE
     'LazyData' is specified without a 'data' directory
Flavors: r-devel-linux-x86_64-debian-clang, r-devel-linux-x86_64-debian-gcc, r-devel-linux-x86_64-fedora-clang, r-devel-linux-x86_64-fedora-gcc, r-devel-windows-x86_64, r-devel-windows-x86_64-gcc10-UCRT, r-patched-linux-x86_64, r-patched-solaris-x86, r-release-linux-x86_64, r-release-macos-arm64, r-release-macos-x86_64, r-release-windows-ix86+x86_64