CRAN Package Check Results for Package shinyfullscreen

Last updated on 2022-05-26 11:52:20 CEST.

Flavor Version Tinstall Tcheck Ttotal Status Flags
r-devel-linux-x86_64-debian-clang 1.1.0 3.23 46.95 50.18 NOTE
r-devel-linux-x86_64-debian-gcc 1.1.0 2.58 39.64 42.22 NOTE
r-devel-linux-x86_64-fedora-clang 1.1.0 59.21 NOTE
r-devel-linux-x86_64-fedora-gcc 1.1.0 48.95 NOTE
r-devel-windows-x86_64 1.1.0 30.00 65.00 95.00 NOTE
r-patched-linux-x86_64 1.1.0 2.53 45.40 47.93 NOTE
r-release-linux-x86_64 1.1.0 NOTE
r-release-macos-arm64 1.1.0 19.00 NOTE
r-release-macos-x86_64 1.1.0 41.00 NOTE
r-release-windows-x86_64 1.1.0 17.00 66.00 83.00 NOTE
r-oldrel-macos-arm64 1.1.0 21.00 NOTE
r-oldrel-macos-x86_64 1.1.0 31.00 NOTE
r-oldrel-windows-ix86+x86_64 1.1.0 10.00 59.00 69.00 NOTE

Check Details

Version: 1.1.0
Check: LazyData
Result: NOTE
     'LazyData' is specified without a 'data' directory
Flavors: r-devel-linux-x86_64-debian-clang, r-devel-linux-x86_64-debian-gcc, r-devel-linux-x86_64-fedora-clang, r-devel-linux-x86_64-fedora-gcc, r-devel-windows-x86_64, r-patched-linux-x86_64, r-release-linux-x86_64, r-release-macos-arm64, r-release-macos-x86_64, r-release-windows-x86_64, r-oldrel-macos-arm64, r-oldrel-macos-x86_64, r-oldrel-windows-ix86+x86_64