CRAN Package Check Results for Package shinyjs

Last updated on 2019-07-19 01:47:26 CEST.

Flavor Version Tinstall Tcheck Ttotal Status Flags
r-devel-linux-x86_64-debian-clang 1.0 2.30 30.41 32.71 OK
r-devel-linux-x86_64-debian-gcc 1.0 2.16 24.60 26.76 OK
r-devel-linux-x86_64-fedora-clang 1.0 37.55 NOTE
r-devel-linux-x86_64-fedora-gcc 1.0 36.38 NOTE
r-devel-windows-ix86+x86_64 1.0 10.00 63.00 73.00 OK
r-patched-linux-x86_64 1.0 2.11 30.29 32.40 OK
r-patched-solaris-x86 1.0 61.20 NOTE
r-release-linux-x86_64 1.0 2.74 30.01 32.75 OK
r-release-windows-ix86+x86_64 1.0 6.00 45.00 51.00 OK
r-release-osx-x86_64 1.0 NOTE
r-oldrel-windows-ix86+x86_64 1.0 5.00 59.00 64.00 OK
r-oldrel-osx-x86_64 1.0 NOTE

Check Details

Version: 1.0
Check: dependencies in R code
Result: NOTE
    Namespace in Imports field not imported from: ‘htmltools’
     All declared Imports should be used.
Flavors: r-devel-linux-x86_64-fedora-clang, r-devel-linux-x86_64-fedora-gcc, r-patched-solaris-x86, r-release-osx-x86_64, r-oldrel-osx-x86_64