CRAN Package Check Results for Package shinyjs

Last updated on 2019-04-19 04:49:10 CEST.

Flavor Version Tinstall Tcheck Ttotal Status Flags
r-devel-linux-x86_64-debian-clang 1.0 2.49 30.56 33.05 OK
r-devel-linux-x86_64-debian-gcc 1.0 2.04 24.53 26.57 OK
r-devel-linux-x86_64-fedora-clang 1.0 37.62 NOTE
r-devel-linux-x86_64-fedora-gcc 1.0 36.03 NOTE
r-devel-windows-ix86+x86_64 1.0 9.00 71.00 80.00 OK
r-patched-linux-x86_64 1.0 2.27 31.03 33.30 OK
r-patched-solaris-x86 1.0 54.80 NOTE
r-release-linux-x86_64 1.0 1.85 27.22 29.07 OK
r-release-windows-ix86+x86_64 1.0 5.00 46.00 51.00 OK
r-release-osx-x86_64 1.0 NOTE
r-oldrel-windows-ix86+x86_64 1.0 5.00 70.00 75.00 OK
r-oldrel-osx-x86_64 1.0 NOTE

Check Details

Version: 1.0
Check: dependencies in R code
Result: NOTE
    Namespace in Imports field not imported from: ‘htmltools’
     All declared Imports should be used.
Flavors: r-devel-linux-x86_64-fedora-clang, r-devel-linux-x86_64-fedora-gcc, r-patched-solaris-x86, r-release-osx-x86_64, r-oldrel-osx-x86_64