CRAN Package Check Results for Package shinyjs

Last updated on 2019-02-18 23:51:47 CET.

Flavor Version Tinstall Tcheck Ttotal Status Flags
r-devel-linux-x86_64-debian-clang 1.0 2.09 28.76 30.85 OK
r-devel-linux-x86_64-debian-gcc 1.0 1.45 22.99 24.44 OK
r-devel-linux-x86_64-fedora-clang 1.0 37.94 NOTE
r-devel-linux-x86_64-fedora-gcc 1.0 35.83 NOTE
r-devel-windows-ix86+x86_64 1.0 9.00 49.00 58.00 OK
r-patched-linux-x86_64 1.0 1.83 24.54 26.37 OK
r-patched-solaris-x86 1.0 45.20 NOTE
r-release-linux-x86_64 1.0 OK
r-release-windows-ix86+x86_64 1.0 3.00 57.00 60.00 OK
r-release-osx-x86_64 1.0 NOTE
r-oldrel-windows-ix86+x86_64 1.0 3.00 70.00 73.00 OK
r-oldrel-osx-x86_64 1.0 NOTE

Check Details

Version: 1.0
Check: dependencies in R code
Result: NOTE
    Namespace in Imports field not imported from: ‘htmltools’
     All declared Imports should be used.
Flavors: r-devel-linux-x86_64-fedora-clang, r-devel-linux-x86_64-fedora-gcc, r-patched-solaris-x86, r-release-osx-x86_64, r-oldrel-osx-x86_64