CRAN Package Check Results for Package shinymanager

Last updated on 2022-10-05 23:55:13 CEST.

Flavor Version Tinstall Tcheck Ttotal Status Flags
r-devel-linux-x86_64-debian-clang 1.0.410 13.12 96.51 109.63 OK
r-devel-linux-x86_64-debian-gcc 1.0.410 9.49 71.76 81.25 OK
r-devel-linux-x86_64-fedora-clang 1.0.410 142.44 OK
r-devel-linux-x86_64-fedora-gcc 1.0.410 135.21 OK
r-devel-windows-x86_64 1.0.410 76.00 127.00 203.00 OK
r-patched-linux-x86_64 1.0.410 13.03 89.70 102.73 OK
r-release-linux-x86_64 1.0.410 13.14 89.02 102.16 OK
r-release-macos-arm64 1.0.410 42.00 OK
r-release-macos-x86_64 1.0.410 7.00 ERROR
r-release-windows-x86_64 1.0.410 78.00 125.00 203.00 OK
r-oldrel-macos-arm64 1.0.410 45.00 OK
r-oldrel-macos-x86_64 1.0.410 60.00 OK
r-oldrel-windows-ix86+x86_64 1.0.410 28.00 110.00 138.00 OK

Check Details

Version: 1.0.410
Check: package dependencies
Result: ERROR
    Package required but not available: ‘scrypt’
    
    See section ‘The DESCRIPTION file’ in the ‘Writing R Extensions’
    manual.
Flavor: r-release-macos-x86_64