CRAN Package Check Results for Package shinymaterial

Last updated on 2022-12-07 17:50:38 CET.

Flavor Version Tinstall Tcheck Ttotal Status Flags
r-devel-linux-x86_64-debian-clang 1.2.0 3.67 33.27 36.94 NOTE
r-devel-linux-x86_64-debian-gcc 1.2.0 2.50 26.32 28.82 NOTE
r-devel-linux-x86_64-fedora-clang 1.2.0 59.19 NOTE
r-devel-linux-x86_64-fedora-gcc 1.2.0 54.64 NOTE
r-devel-windows-x86_64 1.2.0 172.00 72.00 244.00 NOTE
r-patched-linux-x86_64 1.2.0 3.45 30.81 34.26 NOTE
r-release-linux-x86_64 1.2.0 2.57 31.64 34.21 NOTE
r-release-macos-arm64 1.2.0 19.00 NOTE
r-release-macos-x86_64 1.2.0 27.00 NOTE
r-release-windows-x86_64 1.2.0 138.00 71.00 209.00 NOTE
r-oldrel-macos-arm64 1.2.0 26.00 NOTE
r-oldrel-macos-x86_64 1.2.0 36.00 NOTE
r-oldrel-windows-ix86+x86_64 1.2.0 8.00 59.00 67.00 NOTE

Check Details

Version: 1.2.0
Check: LazyData
Result: NOTE
     'LazyData' is specified without a 'data' directory
Flavors: r-devel-linux-x86_64-debian-clang, r-devel-linux-x86_64-debian-gcc, r-devel-linux-x86_64-fedora-clang, r-devel-linux-x86_64-fedora-gcc, r-devel-windows-x86_64, r-patched-linux-x86_64, r-release-linux-x86_64, r-release-macos-arm64, r-release-macos-x86_64, r-release-windows-x86_64, r-oldrel-macos-arm64, r-oldrel-macos-x86_64, r-oldrel-windows-ix86+x86_64