CRAN Package Check Results for Package shinymaterial

Last updated on 2024-07-16 02:54:12 CEST.

Flavor Version Tinstall Tcheck Ttotal Status Flags
r-devel-linux-x86_64-debian-clang 1.2.0 3.26 33.32 36.58 NOTE
r-devel-linux-x86_64-debian-gcc 1.2.0 2.58 25.41 27.99 NOTE
r-devel-linux-x86_64-fedora-clang 1.2.0 46.34 NOTE
r-devel-linux-x86_64-fedora-gcc 1.2.0 43.96 NOTE
r-devel-windows-x86_64 1.2.0 5.00 56.00 61.00 NOTE
r-patched-linux-x86_64 1.2.0 4.33 31.17 35.50 NOTE
r-release-linux-x86_64 1.2.0 3.72 32.22 35.94 NOTE
r-release-macos-arm64 1.2.0 20.00 NOTE
r-release-macos-x86_64 1.2.0 30.00 NOTE
r-release-windows-x86_64 1.2.0 6.00 56.00 62.00 NOTE
r-oldrel-macos-arm64 1.2.0 20.00 NOTE
r-oldrel-macos-x86_64 1.2.0 28.00 NOTE
r-oldrel-windows-x86_64 1.2.0 6.00 56.00 62.00 NOTE

Check Details

Version: 1.2.0
Check: LazyData
Result: NOTE 'LazyData' is specified without a 'data' directory Flavors: r-devel-linux-x86_64-debian-clang, r-devel-linux-x86_64-debian-gcc, r-devel-linux-x86_64-fedora-clang, r-devel-linux-x86_64-fedora-gcc, r-devel-windows-x86_64, r-patched-linux-x86_64, r-release-linux-x86_64, r-release-macos-arm64, r-release-macos-x86_64, r-release-windows-x86_64, r-oldrel-macos-arm64, r-oldrel-macos-x86_64, r-oldrel-windows-x86_64