CRAN Package Check Results for Package shinypanel

Last updated on 2021-10-25 11:55:23 CEST.

Flavor Version Tinstall Tcheck Ttotal Status Flags
r-devel-linux-x86_64-debian-clang 0.1.4 3.25 32.06 35.31 NOTE
r-devel-linux-x86_64-debian-gcc 0.1.4 2.63 25.48 28.11 NOTE
r-devel-linux-x86_64-fedora-clang 0.1.4 53.24 NOTE
r-devel-linux-x86_64-fedora-gcc 0.1.4 43.29 NOTE
r-devel-windows-x86_64 0.1.4 6.00 44.00 50.00 NOTE
r-devel-windows-x86_64-gcc10-UCRT 0.1.4 NOTE
r-patched-linux-x86_64 0.1.4 3.76 31.66 35.42 NOTE
r-patched-solaris-x86 0.1.4 67.90 NOTE
r-release-linux-x86_64 0.1.4 3.19 31.69 34.88 NOTE
r-release-macos-arm64 0.1.4 NOTE
r-release-macos-x86_64 0.1.4 NOTE
r-release-windows-ix86+x86_64 0.1.4 8.00 55.00 63.00 NOTE
r-oldrel-macos-x86_64 0.1.4 OK
r-oldrel-windows-ix86+x86_64 0.1.4 9.00 54.00 63.00 OK

Check Details

Version: 0.1.4
Check: LazyData
Result: NOTE
     'LazyData' is specified without a 'data' directory
Flavors: r-devel-linux-x86_64-debian-clang, r-devel-linux-x86_64-debian-gcc, r-devel-linux-x86_64-fedora-clang, r-devel-linux-x86_64-fedora-gcc, r-devel-windows-x86_64, r-devel-windows-x86_64-gcc10-UCRT, r-patched-linux-x86_64, r-patched-solaris-x86, r-release-linux-x86_64, r-release-macos-arm64, r-release-macos-x86_64, r-release-windows-ix86+x86_64