CRAN Package Check Results for Package shinypivottabler

Last updated on 2024-06-17 17:57:18 CEST.

Flavor Version Tinstall Tcheck Ttotal Status Flags
r-devel-linux-x86_64-debian-clang 1.2 9.81 59.95 69.76 NOTE
r-devel-linux-x86_64-debian-gcc 1.2 6.31 44.69 51.00 NOTE
r-devel-linux-x86_64-fedora-clang 1.2 85.50 NOTE
r-devel-linux-x86_64-fedora-gcc 1.2 78.93 NOTE
r-devel-windows-x86_64 1.2 9.00 63.00 72.00 NOTE
r-patched-linux-x86_64 1.2 7.26 57.24 64.50 NOTE
r-release-linux-x86_64 1.2 5.13 56.84 61.97 NOTE
r-release-macos-arm64 1.2 28.00 NOTE
r-release-macos-x86_64 1.2 39.00 NOTE
r-release-windows-x86_64 1.2 10.00 64.00 74.00 NOTE
r-oldrel-macos-arm64 1.2 23.00 OK
r-oldrel-macos-x86_64 1.2 42.00 OK
r-oldrel-windows-x86_64 1.2 11.00 69.00 80.00 OK

Check Details

Version: 1.2
Check: Rd files
Result: NOTE checkRd: (-1) shiny_pivot_table.Rd:58: Lost braces in \itemize; meant \describe ? checkRd: (-1) shiny_pivot_table.Rd:59: Lost braces in \itemize; meant \describe ? checkRd: (-1) shiny_pivot_table.Rd:60: Lost braces in \itemize; meant \describe ? checkRd: (-1) shiny_pivot_table.Rd:61: Lost braces in \itemize; meant \describe ? checkRd: (-1) shiny_pivot_table.Rd:62: Lost braces in \itemize; meant \describe ? checkRd: (-1) shiny_pivot_table.Rd:63: Lost braces in \itemize; meant \describe ? checkRd: (-1) shiny_pivot_table.Rd:64: Lost braces in \itemize; meant \describe ? Flavors: r-devel-linux-x86_64-debian-clang, r-devel-linux-x86_64-debian-gcc, r-devel-linux-x86_64-fedora-clang, r-devel-linux-x86_64-fedora-gcc, r-devel-windows-x86_64, r-patched-linux-x86_64, r-release-linux-x86_64, r-release-macos-arm64, r-release-macos-x86_64, r-release-windows-x86_64