CRAN Package Check Results for Package shinyr

Last updated on 2020-10-21 06:48:30 CEST.

Flavor Version Tinstall Tcheck Ttotal Status Flags
r-devel-linux-x86_64-debian-clang 0.2.6 15.68 144.42 160.10 OK
r-devel-linux-x86_64-debian-gcc 0.2.6 13.23 108.88 122.11 OK
r-devel-linux-x86_64-fedora-clang 0.2.6 205.27 NOTE
r-devel-linux-x86_64-fedora-gcc 0.2.6 191.47 NOTE
r-devel-windows-ix86+x86_64 0.2.6 26.00 121.00 147.00 OK
r-patched-linux-x86_64 0.2.6 13.83 131.77 145.60 OK
r-patched-solaris-x86 0.2.6 280.30 NOTE
r-release-linux-x86_64 0.2.6 14.35 132.54 146.89 OK
r-release-macos-x86_64 0.2.6 NOTE
r-release-windows-ix86+x86_64 0.2.6 36.00 128.00 164.00 OK
r-oldrel-macos-x86_64 0.2.6 NOTE
r-oldrel-windows-ix86+x86_64 0.2.6 21.00 162.00 183.00 OK

Check Details

Version: 0.2.6
Check: dependencies in R code
Result: NOTE
    Namespaces in Imports field not imported from:
     ‘e1071’ ‘knitr’ ‘plotly’
     All declared Imports should be used.
Flavors: r-devel-linux-x86_64-fedora-clang, r-devel-linux-x86_64-fedora-gcc, r-patched-solaris-x86, r-release-macos-x86_64, r-oldrel-macos-x86_64