CRAN Package Check Results for Package shinyreforms

Last updated on 2021-12-06 20:50:25 CET.

Flavor Version Tinstall Tcheck Ttotal Status Flags
r-devel-linux-x86_64-debian-clang 0.0.1 4.62 45.11 49.73 NOTE
r-devel-linux-x86_64-debian-gcc 0.0.1 4.69 36.22 40.91 NOTE
r-devel-linux-x86_64-fedora-clang 0.0.1 63.71 NOTE
r-devel-linux-x86_64-fedora-gcc 0.0.1 52.13 NOTE
r-devel-windows-x86_64-new-UL 0.0.1 12.00 80.00 92.00 NOTE
r-devel-windows-x86_64-new-TK 0.0.1 NOTE
r-devel-windows-x86_64-old 0.0.1 9.00 48.00 57.00 NOTE
r-patched-linux-x86_64 0.0.1 5.77 35.45 41.22 NOTE
r-release-linux-x86_64 0.0.1 4.83 43.69 48.52 NOTE
r-release-macos-arm64 0.0.1 NOTE
r-release-macos-x86_64 0.0.1 NOTE
r-release-windows-ix86+x86_64 0.0.1 12.00 61.00 73.00 NOTE
r-oldrel-macos-x86_64 0.0.1 OK
r-oldrel-windows-ix86+x86_64 0.0.1 12.00 62.00 74.00 OK

Check Details

Version: 0.0.1
Check: LazyData
Result: NOTE
     'LazyData' is specified without a 'data' directory
Flavors: r-devel-linux-x86_64-debian-clang, r-devel-linux-x86_64-debian-gcc, r-devel-linux-x86_64-fedora-clang, r-devel-linux-x86_64-fedora-gcc, r-devel-windows-x86_64-new-UL, r-devel-windows-x86_64-new-TK, r-devel-windows-x86_64-old, r-patched-linux-x86_64, r-release-linux-x86_64, r-release-macos-arm64, r-release-macos-x86_64, r-release-windows-ix86+x86_64