CRAN Package Check Results for Package shinystan

Last updated on 2022-10-05 16:49:11 CEST.

Flavor Version Tinstall Tcheck Ttotal Status Flags
r-devel-linux-x86_64-debian-clang 2.6.0 14.78 147.13 161.91 NOTE
r-devel-linux-x86_64-debian-gcc 2.6.0 10.40 107.65 118.05 NOTE
r-devel-linux-x86_64-fedora-clang 2.6.0 210.75 NOTE
r-devel-linux-x86_64-fedora-gcc 2.6.0 196.41 NOTE
r-devel-windows-x86_64 2.6.0 209.00 179.00 388.00 NOTE
r-patched-linux-x86_64 2.6.0 13.50 139.81 153.31 NOTE
r-release-linux-x86_64 2.6.0 10.84 137.09 147.93 NOTE
r-release-macos-arm64 2.6.0 56.00 NOTE
r-release-macos-x86_64 2.6.0 98.00 NOTE
r-release-windows-x86_64 2.6.0 143.00 177.00 320.00 NOTE
r-oldrel-macos-arm64 2.6.0 53.00 NOTE
r-oldrel-macos-x86_64 2.6.0 72.00 NOTE
r-oldrel-windows-ix86+x86_64 2.6.0 37.00 170.00 207.00 NOTE

Check Details

Version: 2.6.0
Check: package dependencies
Result: NOTE
    Package suggested but not available for checking: 'cmdstanr'
Flavors: r-devel-linux-x86_64-debian-clang, r-devel-linux-x86_64-debian-gcc, r-devel-linux-x86_64-fedora-clang, r-devel-linux-x86_64-fedora-gcc, r-devel-windows-x86_64, r-patched-linux-x86_64, r-release-linux-x86_64, r-release-macos-arm64, r-release-macos-x86_64, r-release-windows-x86_64, r-oldrel-macos-arm64, r-oldrel-macos-x86_64, r-oldrel-windows-ix86+x86_64