CRAN Package Check Results for Package shinystan

Last updated on 2017-09-20 13:01:10.

Flavor Version Tinstall Tcheck Ttotal Status Flags
r-devel-linux-x86_64-debian-clang 2.4.0 2.99 56.74 59.73 OK
r-devel-linux-x86_64-debian-gcc 2.4.0 2.95 54.37 57.32 OK
r-devel-linux-x86_64-fedora-clang 2.4.0 105.74 OK
r-devel-linux-x86_64-fedora-gcc 2.4.0 102.53 OK
r-devel-windows-ix86+x86_64 2.4.0 12.00 166.00 178.00 OK
r-patched-linux-x86_64 2.4.0 3.02 52.66 55.68 OK
r-patched-solaris-x86 2.4.0 158.90 OK
r-release-linux-x86_64 2.4.0 3.05 54.19 57.24 OK
r-release-windows-ix86+x86_64 2.4.0 13.00 97.00 110.00 OK
r-release-osx-x86_64 2.4.0 ERROR
r-oldrel-windows-ix86+x86_64 2.4.0 9.00 80.00 89.00 OK
r-oldrel-osx-x86_64 2.4.0 OK

Check Details

Version: 2.4.0
Check: tests
Result: ERROR
     Running ‘testthat.R’ [5s/5s]
    Running the tests in ‘tests/testthat.R’ failed.
    Last 13 lines of output:
    
     The following object is masked from 'package:rstan':
    
     traceplot
    
     Error in new_CppObject_xp(fields$.module, fields$.pointer, ...) :
     c++ exception (unknown reason)
     trying deprecated constructor; please alert package maintainer
     error occurred during calling the sampler; sampling not done
     Error in check_stanfit(stanfit) :
     Invalid stanfit object produced please report bug
     Calls: test_check ... with_reporter -> force -> source_file -> eval -> eval
     testthat results ================================================================
     OK: 0 SKIPPED: 0 FAILED: 0
     Execution halted
Flavor: r-release-osx-x86_64