CRAN Package Check Results for Package shinystan

Last updated on 2018-01-16 21:51:20 CET.

Flavor Version Tinstall Tcheck Ttotal Status Flags
r-devel-linux-x86_64-debian-clang 2.4.0 4.06 83.76 87.82 OK
r-devel-linux-x86_64-debian-gcc 2.4.0 3.25 61.72 64.97 OK
r-devel-linux-x86_64-fedora-clang 2.4.0 99.72 OK
r-devel-linux-x86_64-fedora-gcc 2.4.0 95.36 OK
r-devel-windows-ix86+x86_64 2.4.0 12.00 89.00 101.00 OK
r-patched-linux-x86_64 2.4.0 4.34 81.63 85.97 OK
r-patched-solaris-x86 2.4.0 133.60 ERROR
r-release-linux-x86_64 2.4.0 3.72 83.75 87.47 OK
r-release-windows-ix86+x86_64 2.4.0 20.00 151.00 171.00 OK
r-release-osx-x86_64 2.4.0 OK
r-oldrel-windows-ix86+x86_64 2.4.0 15.00 84.00 99.00 OK
r-oldrel-osx-x86_64 2.4.0 OK

Check Details

Version: 2.4.0
Check: package dependencies
Result: NOTE
    Package suggested but not available for checking: ‘rstanarm’
Flavor: r-patched-solaris-x86

Version: 2.4.0
Check: Rd cross-references
Result: NOTE
    Package unavailable to check Rd xrefs: ‘rstanarm’
Flavor: r-patched-solaris-x86

Version: 2.4.0
Check: tests
Result: ERROR
     Running ‘testthat.R’ [8s/10s]
    Running the tests in ‘tests/testthat.R’ failed.
    Complete output:
     > library(testthat)
     > library(shinystan)
     Loading required package: shiny
    
     This is shinystan version 2.4.0
    
     >
     > test_check("shinystan")
     ── 1. Error: (unknown) (@test_creating_sso.R#3) ───────────────────────────────
     there is no package called 'rstanarm'
     1: suppressPackageStartupMessages(library(rstanarm)) at testthat/test_creating_sso.R:3
     2: withCallingHandlers(expr, packageStartupMessage = function(c) invokeRestart("muffleMessage"))
     3: library(rstanarm)
     4: stop(txt, domain = NA)
    
     ══ testthat results ═══════════════════════════════════════════════════════════
     OK: 80 SKIPPED: 0 FAILED: 1
     1. Error: (unknown) (@test_creating_sso.R#3)
    
     Error: testthat unit tests failed
     Execution halted
Flavor: r-patched-solaris-x86