CRAN Package Check Results for Package shortcuts

Last updated on 2024-03-01 10:53:14 CET.

Flavor Version Tinstall Tcheck Ttotal Status Flags
r-devel-linux-x86_64-debian-clang 1.4.0 2.35 21.09 23.44 NOTE
r-devel-linux-x86_64-debian-gcc 1.4.0 1.99 16.47 18.46 NOTE
r-devel-linux-x86_64-fedora-clang 1.4.0 30.06 NOTE
r-devel-linux-x86_64-fedora-gcc 1.4.0 30.79 NOTE
r-devel-windows-x86_64 1.4.0 3.00 38.00 41.00 NOTE
r-patched-linux-x86_64 1.4.0 1.81 20.66 22.47 NOTE
r-release-linux-x86_64 1.4.0 2.27 20.61 22.88 NOTE
r-release-macos-arm64 1.4.0 16.00 NOTE
r-release-macos-x86_64 1.4.0 20.00 NOTE
r-release-windows-x86_64 1.4.0 3.00 37.00 40.00 NOTE
r-oldrel-macos-arm64 1.4.0 15.00 NOTE
r-oldrel-windows-x86_64 1.4.0 4.00 44.00 48.00 NOTE

Check Details

Version: 1.4.0
Check: LazyData
Result: NOTE 'LazyData' is specified without a 'data' directory Flavors: r-devel-linux-x86_64-debian-clang, r-devel-linux-x86_64-debian-gcc, r-devel-linux-x86_64-fedora-clang, r-devel-linux-x86_64-fedora-gcc, r-devel-windows-x86_64, r-patched-linux-x86_64, r-release-linux-x86_64, r-release-macos-arm64, r-release-macos-x86_64, r-release-windows-x86_64, r-oldrel-macos-arm64, r-oldrel-windows-x86_64