CRAN Package Check Results for Package shrinkDSM

Last updated on 2021-10-26 16:49:49 CEST.

Flavor Version Tinstall Tcheck Ttotal Status Flags
r-devel-linux-x86_64-debian-clang 0.1.0 74.23 39.45 113.68 OK
r-devel-linux-x86_64-debian-gcc 0.1.0 62.32 30.40 92.72 OK
r-devel-linux-x86_64-fedora-clang 0.1.0 187.76 OK
r-devel-linux-x86_64-fedora-gcc 0.1.0 162.34 OK
r-devel-windows-x86_64 0.1.0 104.00 58.00 162.00 OK
r-devel-windows-x86_64-gcc10-UCRT 0.1.0 OK
r-patched-linux-x86_64 0.1.0 72.35 38.16 110.51 OK
r-patched-solaris-x86 0.1.0 158.30 OK
r-release-linux-x86_64 0.1.0 71.88 38.07 109.95 OK
r-release-macos-arm64 0.1.0 NOTE
r-release-macos-x86_64 0.1.0 OK
r-release-windows-ix86+x86_64 0.1.0 143.00 87.00 230.00 OK
r-oldrel-macos-x86_64 0.1.0 OK
r-oldrel-windows-ix86+x86_64 0.1.0 214.00 90.00 304.00 OK

Check Details

Version: 0.1.0
Check: installed package size
Result: NOTE
     installed size is 5.6Mb
     sub-directories of 1Mb or more:
     libs 5.4Mb
Flavor: r-release-macos-arm64