CRAN Package Check Results for Package shuffleCI

Last updated on 2021-09-25 01:50:33 CEST.

Flavor Version Tinstall Tcheck Ttotal Status Flags
r-devel-linux-x86_64-debian-clang 0.1.0 2.05 21.41 23.46 NOTE
r-devel-linux-x86_64-debian-gcc 0.1.0 1.59 17.14 18.73 NOTE
r-devel-linux-x86_64-fedora-clang 0.1.0 38.59 NOTE
r-devel-linux-x86_64-fedora-gcc 0.1.0 27.90 NOTE
r-devel-windows-x86_64 0.1.0 4.00 29.00 33.00 NOTE
r-devel-windows-x86_64-gcc10-UCRT 0.1.0 NOTE
r-patched-linux-x86_64 0.1.0 2.08 21.42 23.50 NOTE
r-patched-solaris-x86 0.1.0 43.30 NOTE
r-release-linux-x86_64 0.1.0 2.08 21.34 23.42 NOTE
r-release-macos-arm64 0.1.0 NOTE
r-release-macos-x86_64 0.1.0 NOTE
r-release-windows-ix86+x86_64 0.1.0 5.00 31.00 36.00 NOTE
r-oldrel-macos-x86_64 0.1.0 OK
r-oldrel-windows-ix86+x86_64 0.1.0 5.00 29.00 34.00 OK

Check Details

Version: 0.1.0
Check: LazyData
Result: NOTE
     'LazyData' is specified without a 'data' directory
Flavors: r-devel-linux-x86_64-debian-clang, r-devel-linux-x86_64-debian-gcc, r-devel-linux-x86_64-fedora-clang, r-devel-linux-x86_64-fedora-gcc, r-devel-windows-x86_64, r-devel-windows-x86_64-gcc10-UCRT, r-patched-linux-x86_64, r-patched-solaris-x86, r-release-linux-x86_64, r-release-macos-arm64, r-release-macos-x86_64, r-release-windows-ix86+x86_64