CRAN Package Check Results for Package shutterplot

Last updated on 2022-08-13 17:54:00 CEST.

Flavor Version Tinstall Tcheck Ttotal Status Flags
r-devel-linux-x86_64-debian-clang 0.1.0 2.03 22.23 24.26 NOTE
r-devel-linux-x86_64-debian-gcc 0.1.0 2.07 17.36 19.43 NOTE
r-devel-linux-x86_64-fedora-clang 0.1.0 40.75 NOTE
r-devel-linux-x86_64-fedora-gcc 0.1.0 43.04 NOTE
r-devel-windows-x86_64 0.1.0 14.00 42.00 56.00 NOTE
r-patched-linux-x86_64 0.1.0 2.36 21.66 24.02 NOTE
r-release-linux-x86_64 0.1.0 2.73 22.02 24.75 NOTE
r-release-macos-arm64 0.1.0 15.00 NOTE
r-release-macos-x86_64 0.1.0 19.00 NOTE
r-release-windows-x86_64 0.1.0 6.00 42.00 48.00 NOTE
r-oldrel-macos-arm64 0.1.0 18.00 NOTE
r-oldrel-macos-x86_64 0.1.0 29.00 NOTE
r-oldrel-windows-ix86+x86_64 0.1.0 5.00 27.00 32.00 NOTE

Check Details

Version: 0.1.0
Check: LazyData
Result: NOTE
     'LazyData' is specified without a 'data' directory
Flavors: r-devel-linux-x86_64-debian-clang, r-devel-linux-x86_64-debian-gcc, r-devel-linux-x86_64-fedora-clang, r-devel-linux-x86_64-fedora-gcc, r-devel-windows-x86_64, r-patched-linux-x86_64, r-release-linux-x86_64, r-release-macos-arm64, r-release-macos-x86_64, r-release-windows-x86_64, r-oldrel-macos-arm64, r-oldrel-macos-x86_64, r-oldrel-windows-ix86+x86_64