CRAN Package Check Results for Package sigminer

Last updated on 2022-12-04 14:50:16 CET.

Flavor Version Tinstall Tcheck Ttotal Status Flags
r-devel-linux-x86_64-debian-clang 2.1.9 54.62 317.39 372.01 OK
r-devel-linux-x86_64-debian-gcc 2.1.9 38.67 229.57 268.24 OK
r-devel-linux-x86_64-fedora-clang 2.1.9 468.05 OK
r-devel-linux-x86_64-fedora-gcc 2.1.9 454.13 OK
r-devel-windows-x86_64 2.1.9 130.00 444.00 574.00 OK
r-patched-linux-x86_64 2.1.9 44.81 288.18 332.99 OK
r-release-linux-x86_64 2.1.9 44.52 281.57 326.09 OK
r-release-macos-arm64 2.1.9 108.00 NOTE
r-release-macos-x86_64 2.1.9 138.00 NOTE
r-release-windows-x86_64 2.1.9 110.00 412.00 522.00 OK
r-oldrel-macos-arm64 2.1.9 121.00 NOTE
r-oldrel-macos-x86_64 2.1.9 153.00 OK
r-oldrel-windows-ix86+x86_64 2.1.9 108.00 482.00 590.00 NOTE

Check Details

Version: 2.1.9
Check: package dependencies
Result: NOTE
    Packages suggested but not available for checking:
     'BSgenome.Hsapiens.UCSC.hg19', 'copynumber'
Flavor: r-release-macos-arm64

Version: 2.1.9
Check: package dependencies
Result: NOTE
    Package suggested but not available for checking: ‘BSgenome.Hsapiens.UCSC.hg19’
Flavor: r-release-macos-x86_64

Version: 2.1.9
Check: package dependencies
Result: NOTE
    Package suggested but not available for checking: ‘copynumber’
Flavor: r-oldrel-macos-arm64

Version: 2.1.9
Check: installed package size
Result: NOTE
     installed size is 5.4Mb
     sub-directories of 1Mb or more:
     libs 2.0Mb
Flavor: r-oldrel-windows-ix86+x86_64