CRAN Package Check Results for Package sigmoid

Last updated on 2021-12-07 12:54:18 CET.

Flavor Version Tinstall Tcheck Ttotal Status Flags
r-devel-linux-x86_64-debian-clang 0.3.0 1.72 33.91 35.63 NOTE
r-devel-linux-x86_64-debian-gcc 0.3.0 1.34 26.96 28.30 NOTE
r-devel-linux-x86_64-fedora-clang 0.3.0 45.42 NOTE
r-devel-linux-x86_64-fedora-gcc 0.3.0 34.46 NOTE
r-devel-windows-x86_64-new-UL 0.3.0 6.00 67.00 73.00 NOTE
r-devel-windows-x86_64-new-TK 0.3.0 NOTE
r-devel-windows-x86_64-old 0.3.0 4.00 36.00 40.00 NOTE
r-patched-linux-x86_64 0.3.0 1.82 31.84 33.66 NOTE
r-release-linux-x86_64 0.3.0 1.71 31.79 33.50 NOTE
r-release-macos-arm64 0.3.0 NOTE
r-release-macos-x86_64 0.3.0 NOTE
r-release-windows-ix86+x86_64 0.3.0 4.00 43.00 47.00 NOTE
r-oldrel-macos-x86_64 0.3.0 OK
r-oldrel-windows-ix86+x86_64 0.3.0 6.00 45.00 51.00 OK

Check Details

Version: 0.3.0
Check: LazyData
Result: NOTE
     'LazyData' is specified without a 'data' directory
Flavors: r-devel-linux-x86_64-debian-clang, r-devel-linux-x86_64-debian-gcc, r-devel-linux-x86_64-fedora-clang, r-devel-linux-x86_64-fedora-gcc, r-devel-windows-x86_64-new-UL, r-devel-windows-x86_64-new-TK, r-devel-windows-x86_64-old, r-patched-linux-x86_64, r-release-linux-x86_64, r-release-macos-arm64, r-release-macos-x86_64, r-release-windows-ix86+x86_64