CRAN Package Check Results for Package sigora

Last updated on 2024-05-23 13:49:32 CEST.

Flavor Version Tinstall Tcheck Ttotal Status Flags
r-devel-linux-x86_64-debian-clang 3.1.1 3.45 56.66 60.11 NOTE
r-devel-linux-x86_64-debian-gcc 3.1.1 2.27 42.11 44.38 NOTE
r-devel-linux-x86_64-fedora-clang 3.1.1 75.65 NOTE
r-devel-linux-x86_64-fedora-gcc 3.1.1 108.75 NOTE
r-devel-windows-x86_64 3.1.1 4.00 72.00 76.00 NOTE
r-patched-linux-x86_64 3.1.1 3.53 52.17 55.70 NOTE
r-release-linux-x86_64 3.1.1 3.83 53.89 57.72 NOTE
r-release-macos-arm64 3.1.1 37.00 NOTE
r-release-windows-x86_64 3.1.1 5.00 73.00 78.00 NOTE
r-oldrel-macos-arm64 3.1.1 42.00 NOTE
r-oldrel-macos-x86_64 3.1.1 66.00 NOTE
r-oldrel-windows-x86_64 3.1.1 4.00 75.00 79.00 NOTE

Check Details

Version: 3.1.1
Check: package subdirectories
Result: NOTE Problems with news in ‘NEWS.md’: No news entries found. Flavors: r-devel-linux-x86_64-debian-clang, r-devel-linux-x86_64-debian-gcc, r-devel-linux-x86_64-fedora-clang, r-devel-linux-x86_64-fedora-gcc, r-devel-windows-x86_64, r-patched-linux-x86_64, r-release-linux-x86_64, r-release-macos-arm64, r-release-windows-x86_64, r-oldrel-macos-arm64, r-oldrel-macos-x86_64, r-oldrel-windows-x86_64