CRAN Package Check Results for Package silicate

Last updated on 2020-07-13 14:48:18 CEST.

Flavor Version Tinstall Tcheck Ttotal Status Flags
r-devel-linux-x86_64-debian-clang 0.6.1 7.80 85.34 93.14 OK
r-devel-linux-x86_64-debian-gcc 0.6.1 5.86 64.22 70.08 OK
r-devel-linux-x86_64-fedora-clang 0.6.1 117.07 OK
r-devel-linux-x86_64-fedora-gcc 0.6.1 111.39 OK
r-devel-windows-ix86+x86_64 0.6.1 15.00 146.00 161.00 OK
r-patched-linux-x86_64 0.6.1 7.31 83.65 90.96 OK
r-patched-solaris-x86 0.6.1 159.50 OK
r-release-linux-x86_64 0.6.1 7.66 84.05 91.71 OK
r-release-macos-x86_64 0.6.1 ERROR
r-release-windows-ix86+x86_64 0.6.1 25.00 133.00 158.00 OK
r-oldrel-macos-x86_64 0.6.1 OK
r-oldrel-windows-ix86+x86_64 0.6.1 19.00 91.00 110.00 OK

Check Details

Version: 0.6.1
Check: whether package can be installed
Result: ERROR
    Installation failed.
Flavor: r-release-macos-x86_64