CRAN Package Check Results for Package silicate

Last updated on 2019-12-10 21:47:47 CET.

Flavor Version Tinstall Tcheck Ttotal Status Flags
r-devel-linux-x86_64-debian-clang 0.2.0 7.99 76.74 84.73 OK
r-devel-linux-x86_64-debian-gcc 0.2.0 6.30 57.81 64.11 OK
r-devel-linux-x86_64-fedora-clang 0.2.0 104.47 NOTE
r-devel-linux-x86_64-fedora-gcc 0.2.0 101.58 NOTE
r-devel-windows-ix86+x86_64 0.2.0 16.00 125.00 141.00 OK
r-devel-windows-ix86+x86_64-gcc8 0.2.0 17.00 136.00 153.00 OK
r-patched-linux-x86_64 0.2.0 7.35 68.98 76.33 OK
r-patched-solaris-x86 0.2.0 133.00 NOTE
r-release-linux-x86_64 0.2.0 6.11 69.12 75.23 OK
r-release-windows-ix86+x86_64 0.2.0 12.00 79.00 91.00 OK
r-release-osx-x86_64 0.2.0 NOTE
r-oldrel-windows-ix86+x86_64 0.2.0 9.00 76.00 85.00 OK
r-oldrel-osx-x86_64 0.2.0 NOTE

Check Details

Version: 0.2.0
Check: dependencies in R code
Result: NOTE
    Namespace in Imports field not imported from: ‘geometry’
     All declared Imports should be used.
Flavors: r-devel-linux-x86_64-fedora-clang, r-devel-linux-x86_64-fedora-gcc, r-patched-solaris-x86, r-release-osx-x86_64, r-oldrel-osx-x86_64