CRAN Package Check Results for Package sim2Dpredictr

Last updated on 2020-07-06 04:47:58 CEST.

Flavor Version Tinstall Tcheck Ttotal Status Flags
r-devel-linux-x86_64-debian-clang 0.1.0 9.38 79.69 89.07 OK
r-devel-linux-x86_64-debian-gcc 0.1.0 6.70 58.83 65.53 OK
r-devel-linux-x86_64-fedora-clang 0.1.0 110.94 NOTE
r-devel-linux-x86_64-fedora-gcc 0.1.0 101.76 NOTE
r-devel-windows-ix86+x86_64 0.1.0 29.00 90.00 119.00 OK
r-patched-linux-x86_64 0.1.0 8.62 76.71 85.33 OK
r-patched-solaris-x86 0.1.0 154.80 NOTE
r-release-linux-x86_64 0.1.0 8.40 77.20 85.60 OK
r-release-osx-x86_64 0.1.0 NOTE
r-release-windows-ix86+x86_64 0.1.0 19.00 89.00 108.00 OK
r-oldrel-osx-x86_64 0.1.0 NOTE
r-oldrel-windows-ix86+x86_64 0.1.0 25.00 119.00 144.00 OK

Check Details

Version: 0.1.0
Check: dependencies in R code
Result: NOTE
    Namespaces in Imports field not imported from:
     ‘car’ ‘ggplot2’ ‘magrittr’ ‘tidyverse’
     All declared Imports should be used.
Flavors: r-devel-linux-x86_64-fedora-clang, r-devel-linux-x86_64-fedora-gcc, r-patched-solaris-x86, r-release-osx-x86_64, r-oldrel-osx-x86_64