CRAN Package Check Results for Package simDNAmixtures

Last updated on 2022-07-03 13:52:17 CEST.

Flavor Version Tinstall Tcheck Ttotal Status Flags
r-devel-linux-x86_64-debian-clang 1.0.1 4.86 49.88 54.74 OK
r-devel-linux-x86_64-debian-gcc 1.0.1 3.14 37.47 40.61 OK
r-devel-linux-x86_64-fedora-clang 1.0.1 75.33 NOTE
r-devel-linux-x86_64-fedora-gcc 1.0.1 74.25 NOTE
r-devel-windows-x86_64 1.0.1 54.00 80.00 134.00 OK
r-patched-linux-x86_64 1.0.1 3.23 47.96 51.19 OK
r-release-linux-x86_64 1.0.1 2.98 48.08 51.06 OK
r-release-macos-arm64 1.0.1 25.00 NOTE
r-release-macos-x86_64 1.0.1 36.00 NOTE
r-release-windows-x86_64 1.0.1 7.00 81.00 88.00 OK
r-oldrel-macos-arm64 1.0.1 24.00 NOTE
r-oldrel-macos-x86_64 1.0.1 33.00 NOTE
r-oldrel-windows-ix86+x86_64 1.0.1 9.00 77.00 86.00 OK

Check Details

Version: 1.0.1
Check: dependencies in R code
Result: NOTE
    Namespaces in Imports field not imported from:
     ‘pedtools’ ‘readr’
     All declared Imports should be used.
Flavors: r-devel-linux-x86_64-fedora-clang, r-devel-linux-x86_64-fedora-gcc, r-release-macos-arm64, r-release-macos-x86_64, r-oldrel-macos-arm64, r-oldrel-macos-x86_64