CRAN Package Check Results for Package simMP

Last updated on 2019-12-14 01:53:58 CET.

Flavor Version Tinstall Tcheck Ttotal Status Flags
r-devel-linux-x86_64-debian-clang 0.17.3 2.46 55.70 58.16 NOTE
r-devel-linux-x86_64-debian-gcc 0.17.3 2.11 43.27 45.38 NOTE
r-devel-linux-x86_64-fedora-clang 0.17.3 48.19 NOTE
r-devel-linux-x86_64-fedora-gcc 0.17.3 46.32 NOTE
r-devel-windows-ix86+x86_64 0.17.3 6.00 87.00 93.00 OK
r-devel-windows-ix86+x86_64-gcc8 0.17.3 6.00 90.00 96.00 OK
r-patched-linux-x86_64 0.17.3 1.80 48.18 49.98 OK
r-patched-solaris-x86 0.17.3 94.30 OK
r-release-linux-x86_64 0.17.3 2.00 46.98 48.98 OK
r-release-windows-ix86+x86_64 0.17.3 5.00 65.00 70.00 OK
r-release-osx-x86_64 0.17.3 NOTE
r-oldrel-windows-ix86+x86_64 0.17.3 3.00 87.00 90.00 OK
r-oldrel-osx-x86_64 0.17.3 ERROR

Check Details

Version: 0.17.3
Check: for non-standard things in the check directory
Result: NOTE
    Found the following files/directories:
     'res_mutation.tsv' 'res_mutationCounts.txt'
     'res_processContribution.txt' 'res_processes.txt'
Flavors: r-devel-linux-x86_64-debian-clang, r-devel-linux-x86_64-debian-gcc

Version: 0.17.3
Check: package dependencies
Result: NOTE
    Package suggested but not available for checking: ‘BSgenome.Hsapiens.UCSC.hg38’
Flavors: r-devel-linux-x86_64-fedora-clang, r-devel-linux-x86_64-fedora-gcc, r-release-osx-x86_64

Version: 0.17.3
Check: package dependencies
Result: ERROR
    Package required but not available: ‘BSgenome’
    
    Package suggested but not available for checking: ‘BSgenome.Hsapiens.UCSC.hg38’
    
    See section ‘The DESCRIPTION file’ in the ‘Writing R Extensions’
    manual.
Flavor: r-oldrel-osx-x86_64