Last updated on 2023-09-26 13:08:43 CEST.
Flavor | Version | Tinstall | Tcheck | Ttotal | Status | Flags |
---|---|---|---|---|---|---|
r-devel-linux-x86_64-debian-clang | 0.17.3 | 2.63 | 63.50 | 66.13 | NOTE | |
r-devel-linux-x86_64-debian-gcc | 0.17.3 | 1.92 | 49.61 | 51.53 | NOTE | |
r-devel-linux-x86_64-fedora-clang | 0.17.3 | 80.47 | NOTE | |||
r-devel-linux-x86_64-fedora-gcc | 0.17.3 | 82.24 | NOTE | |||
r-devel-windows-x86_64 | 0.17.3 | 3.00 | 74.00 | 77.00 | OK | |
r-patched-linux-x86_64 | 0.17.3 | 10.15 | 60.46 | 70.61 | NOTE | |
r-release-linux-x86_64 | 0.17.3 | 1.84 | 62.26 | 64.10 | NOTE | |
r-release-macos-arm64 | 0.17.3 | 26.00 | NOTE | |||
r-release-macos-x86_64 | 0.17.3 | 34.00 | NOTE | |||
r-release-windows-x86_64 | 0.17.3 | 4.00 | 59.00 | 63.00 | NOTE | |
r-oldrel-macos-arm64 | 0.17.3 | 22.00 | NOTE | |||
r-oldrel-macos-x86_64 | 0.17.3 | 29.00 | NOTE | |||
r-oldrel-windows-x86_64 | 0.17.3 | 4.00 | 61.00 | 65.00 | NOTE |
Version: 0.17.3
Check: for non-standard things in the check directory
Result: NOTE
Found the following files/directories:
‘res_mutation.tsv’ ‘res_mutationCounts.txt’
‘res_processContribution.txt’ ‘res_processes.txt’
Flavors: r-devel-linux-x86_64-debian-clang, r-devel-linux-x86_64-debian-gcc, r-devel-linux-x86_64-fedora-clang, r-devel-linux-x86_64-fedora-gcc, r-patched-linux-x86_64, r-release-linux-x86_64
Version: 0.17.3
Check: package dependencies
Result: NOTE
Package suggested but not available for checking: ‘BSgenome.Hsapiens.UCSC.hg38’
Flavors: r-release-macos-arm64, r-release-macos-x86_64, r-release-windows-x86_64, r-oldrel-macos-arm64, r-oldrel-macos-x86_64, r-oldrel-windows-x86_64