CRAN Package Check Results for Package simMP

Last updated on 2024-07-20 07:48:21 CEST.

Flavor Version Tinstall Tcheck Ttotal Status Flags
r-devel-linux-x86_64-debian-clang 0.17.3 2.76 67.03 69.79 NOTE
r-devel-linux-x86_64-debian-gcc 0.17.3 2.15 49.84 51.99 NOTE
r-devel-linux-x86_64-fedora-clang 0.17.3 90.12 NOTE
r-devel-linux-x86_64-fedora-gcc 0.17.3 81.86 NOTE
r-devel-windows-x86_64 0.17.3 5.00 76.00 81.00 NOTE
r-patched-linux-x86_64 0.17.3 7.40 61.71 69.11 NOTE
r-release-linux-x86_64 0.17.3 1.77 61.31 63.08 NOTE
r-release-macos-arm64 0.17.3 22.00 NOTE
r-release-macos-x86_64 0.17.3 32.00 NOTE
r-release-windows-x86_64 0.17.3 4.00 73.00 77.00 OK
r-oldrel-macos-arm64 0.17.3 26.00 NOTE
r-oldrel-macos-x86_64 0.17.3 34.00 NOTE
r-oldrel-windows-x86_64 0.17.3 4.00 82.00 86.00 OK

Check Details

Version: 0.17.3
Check: for non-standard things in the check directory
Result: NOTE Found the following files/directories: ‘res_mutation.tsv’ ‘res_mutationCounts.txt’ ‘res_processContribution.txt’ ‘res_processes.txt’ Flavors: r-devel-linux-x86_64-debian-clang, r-devel-linux-x86_64-debian-gcc, r-devel-linux-x86_64-fedora-clang, r-devel-linux-x86_64-fedora-gcc, r-patched-linux-x86_64, r-release-linux-x86_64

Version: 0.17.3
Check: Rd cross-references
Result: NOTE Found the following Rd file(s) with Rd \link{} targets missing package anchors: simSBS.Rd: BSgenome Please provide package anchors for all Rd \link{} targets not in the package itself and the base packages. Flavor: r-devel-windows-x86_64

Version: 0.17.3
Check: package dependencies
Result: NOTE Package suggested but not available for checking: ‘BSgenome.Hsapiens.UCSC.hg38’ Flavors: r-release-macos-arm64, r-release-macos-x86_64, r-oldrel-macos-arm64, r-oldrel-macos-x86_64