CRAN Package Check Results for Package simMP

Last updated on 2021-09-17 10:52:38 CEST.

Flavor Version Tinstall Tcheck Ttotal Status Flags
r-devel-linux-x86_64-debian-clang 0.17.3 2.54 62.69 65.23 NOTE
r-devel-linux-x86_64-debian-gcc 0.17.3 2.07 47.68 49.75 NOTE
r-devel-linux-x86_64-fedora-clang 0.17.3 84.38 NOTE
r-devel-linux-x86_64-fedora-gcc 0.17.3 73.52 NOTE
r-devel-windows-x86_64 0.17.3 3.00 84.00 87.00 OK
r-devel-windows-x86_64-gcc10-UCRT 0.17.3 OK
r-patched-linux-x86_64 0.17.3 8.55 59.81 68.36 NOTE
r-patched-solaris-x86 0.17.3 113.50 NOTE
r-release-linux-x86_64 0.17.3 2.49 58.76 61.25 NOTE
r-release-macos-arm64 0.17.3 OK
r-release-macos-x86_64 0.17.3 NOTE
r-release-windows-ix86+x86_64 0.17.3 7.00 62.00 69.00 OK
r-oldrel-macos-x86_64 0.17.3 OK
r-oldrel-windows-ix86+x86_64 0.17.3 6.00 63.00 69.00 OK

Check Details

Version: 0.17.3
Check: for non-standard things in the check directory
Result: NOTE
    Found the following files/directories:
     'res_mutation.tsv' 'res_mutationCounts.txt'
     'res_processContribution.txt' 'res_processes.txt'
Flavors: r-devel-linux-x86_64-debian-clang, r-devel-linux-x86_64-debian-gcc, r-devel-linux-x86_64-fedora-clang, r-devel-linux-x86_64-fedora-gcc, r-patched-linux-x86_64, r-patched-solaris-x86, r-release-linux-x86_64

Version: 0.17.3
Check: package dependencies
Result: NOTE
    Package suggested but not available for checking: ‘BSgenome.Hsapiens.UCSC.hg38’
Flavor: r-release-macos-x86_64