CRAN Package Check Results for Package simMP

Last updated on 2023-03-20 21:58:04 CET.

Flavor Version Tinstall Tcheck Ttotal Status Flags
r-devel-linux-x86_64-debian-clang 0.17.3 NOTE
r-devel-linux-x86_64-debian-gcc 0.17.3 2.23 49.24 51.47 NOTE
r-devel-linux-x86_64-fedora-clang 0.17.3 85.05 NOTE
r-devel-linux-x86_64-fedora-gcc 0.17.3 77.44 NOTE
r-patched-linux-x86_64 0.17.3 9.47 62.77 72.24 NOTE
r-release-linux-x86_64 0.17.3 2.40 63.04 65.44 NOTE
r-release-macos-arm64 0.17.3 22.00 NOTE
r-release-macos-x86_64 0.17.3 29.00 NOTE
r-release-windows-x86_64 0.17.3 7.00 99.00 106.00 OK
r-oldrel-macos-arm64 0.17.3 40.00 OK
r-oldrel-macos-x86_64 0.17.3 38.00 NOTE
r-oldrel-windows-ix86+x86_64 0.17.3 6.00 90.00 96.00 OK

Check Details

Version: 0.17.3
Check: for non-standard things in the check directory
Result: NOTE
    Found the following files/directories:
     ‘res_mutation.tsv’ ‘res_mutationCounts.txt’
     ‘res_processContribution.txt’ ‘res_processes.txt’
Flavors: r-devel-linux-x86_64-debian-clang, r-devel-linux-x86_64-debian-gcc, r-devel-linux-x86_64-fedora-clang, r-devel-linux-x86_64-fedora-gcc, r-patched-linux-x86_64, r-release-linux-x86_64

Version: 0.17.3
Check: package dependencies
Result: NOTE
    Package suggested but not available for checking: ‘BSgenome.Hsapiens.UCSC.hg38’
Flavors: r-release-macos-arm64, r-release-macos-x86_64, r-oldrel-macos-x86_64