Last updated on 2021-03-02 20:48:08 CET.
Flavor | Version | Tinstall | Tcheck | Ttotal | Status | Flags |
---|---|---|---|---|---|---|
r-devel-linux-x86_64-debian-clang | 0.17.3 | NOTE | ||||
r-devel-linux-x86_64-debian-gcc | 0.17.3 | 2.10 | 46.41 | 48.51 | NOTE | |
r-devel-linux-x86_64-fedora-clang | 0.17.3 | 87.59 | NOTE | |||
r-devel-linux-x86_64-fedora-gcc | 0.17.3 | 71.18 | NOTE | |||
r-devel-windows-ix86+x86_64 | 0.17.3 | 6.00 | 69.00 | 75.00 | OK | |
r-patched-linux-x86_64 | 0.17.3 | 2.03 | 56.69 | 58.72 | NOTE | |
r-patched-solaris-x86 | 0.17.3 | 113.70 | NOTE | |||
r-release-linux-x86_64 | 0.17.3 | 2.34 | 56.75 | 59.09 | NOTE | |
r-release-macos-x86_64 | 0.17.3 | OK | ||||
r-release-windows-ix86+x86_64 | 0.17.3 | 4.00 | 69.00 | 73.00 | OK | |
r-oldrel-macos-x86_64 | 0.17.3 | NOTE | ||||
r-oldrel-windows-ix86+x86_64 | 0.17.3 | 4.00 | 82.00 | 86.00 | OK |
Version: 0.17.3
Check: for non-standard things in the check directory
Result: NOTE
Found the following files/directories:
'res_mutation.tsv' 'res_mutationCounts.txt'
'res_processContribution.txt' 'res_processes.txt'
Flavors: r-devel-linux-x86_64-debian-clang, r-devel-linux-x86_64-debian-gcc, r-devel-linux-x86_64-fedora-clang, r-devel-linux-x86_64-fedora-gcc, r-patched-linux-x86_64, r-patched-solaris-x86, r-release-linux-x86_64
Version: 0.17.3
Check: package dependencies
Result: NOTE
Package suggested but not available for checking: ‘BSgenome.Hsapiens.UCSC.hg38’
Flavor: r-oldrel-macos-x86_64