CRAN Package Check Results for Package simMP

Last updated on 2022-10-04 07:50:00 CEST.

Flavor Version Tinstall Tcheck Ttotal Status Flags
r-devel-linux-x86_64-debian-clang 0.17.3 2.54 65.74 68.28 NOTE
r-devel-linux-x86_64-debian-gcc 0.17.3 1.95 49.10 51.05 NOTE
r-devel-linux-x86_64-fedora-clang 0.17.3 95.09 NOTE
r-devel-linux-x86_64-fedora-gcc 0.17.3 89.55 NOTE
r-devel-windows-x86_64 0.17.3 5.00 96.00 101.00 OK
r-patched-linux-x86_64 0.17.3 9.97 63.15 73.12 NOTE
r-release-linux-x86_64 0.17.3 2.86 62.68 65.54 NOTE
r-release-macos-arm64 0.17.3 22.00 NOTE
r-release-macos-x86_64 0.17.3 29.00 NOTE
r-release-windows-x86_64 0.17.3 9.00 98.00 107.00 OK
r-oldrel-macos-arm64 0.17.3 40.00 OK
r-oldrel-macos-x86_64 0.17.3 38.00 NOTE
r-oldrel-windows-ix86+x86_64 0.17.3 6.00 88.00 94.00 OK

Check Details

Version: 0.17.3
Check: for non-standard things in the check directory
Result: NOTE
    Found the following files/directories:
     'res_mutation.tsv' 'res_mutationCounts.txt'
     'res_processContribution.txt' 'res_processes.txt'
Flavors: r-devel-linux-x86_64-debian-clang, r-devel-linux-x86_64-debian-gcc, r-devel-linux-x86_64-fedora-clang, r-devel-linux-x86_64-fedora-gcc, r-patched-linux-x86_64, r-release-linux-x86_64

Version: 0.17.3
Check: package dependencies
Result: NOTE
    Package suggested but not available for checking: ‘BSgenome.Hsapiens.UCSC.hg38’
Flavors: r-release-macos-arm64, r-release-macos-x86_64, r-oldrel-macos-x86_64