Last updated on 2022-05-25 07:50:32 CEST.
Flavor | Version | Tinstall | Tcheck | Ttotal | Status | Flags |
---|---|---|---|---|---|---|
r-devel-linux-x86_64-debian-clang | 0.17.3 | 2.35 | 74.48 | 76.83 | NOTE | |
r-devel-linux-x86_64-debian-gcc | 0.17.3 | 2.10 | 55.86 | 57.96 | NOTE | |
r-devel-linux-x86_64-fedora-clang | 0.17.3 | 95.21 | NOTE | |||
r-devel-linux-x86_64-fedora-gcc | 0.17.3 | 78.12 | NOTE | |||
r-devel-windows-x86_64 | 0.17.3 | 11.00 | 98.00 | 109.00 | OK | |
r-patched-linux-x86_64 | 0.17.3 | 9.32 | 70.04 | 79.36 | NOTE | |
r-release-linux-x86_64 | 0.17.3 | NOTE | ||||
r-release-macos-arm64 | 0.17.3 | 22.00 | NOTE | |||
r-release-macos-x86_64 | 0.17.3 | 29.00 | NOTE | |||
r-release-windows-x86_64 | 0.17.3 | 8.00 | 97.00 | 105.00 | OK | |
r-oldrel-macos-arm64 | 0.17.3 | 40.00 | OK | |||
r-oldrel-macos-x86_64 | 0.17.3 | 38.00 | NOTE | |||
r-oldrel-windows-ix86+x86_64 | 0.17.3 | 7.00 | 85.00 | 92.00 | OK |
Version: 0.17.3
Check: for non-standard things in the check directory
Result: NOTE
Found the following files/directories:
'res_mutation.tsv' 'res_mutationCounts.txt'
'res_processContribution.txt' 'res_processes.txt'
Flavors: r-devel-linux-x86_64-debian-clang, r-devel-linux-x86_64-debian-gcc, r-devel-linux-x86_64-fedora-clang, r-devel-linux-x86_64-fedora-gcc, r-patched-linux-x86_64, r-release-linux-x86_64
Version: 0.17.3
Check: package dependencies
Result: NOTE
Package suggested but not available for checking: ‘BSgenome.Hsapiens.UCSC.hg38’
Flavors: r-release-macos-arm64, r-release-macos-x86_64, r-oldrel-macos-x86_64