CRAN Package Check Results for Package simMP

Last updated on 2021-06-23 12:58:28 CEST.

Flavor Version Tinstall Tcheck Ttotal Status Flags
r-devel-linux-x86_64-debian-clang 0.17.3 2.45 62.89 65.34 NOTE
r-devel-linux-x86_64-debian-gcc 0.17.3 1.78 47.86 49.64 NOTE
r-devel-linux-x86_64-fedora-clang 0.17.3 84.63 NOTE
r-devel-linux-x86_64-fedora-gcc 0.17.3 74.71 NOTE
r-devel-windows-x86_64 0.17.3 4.00 84.00 88.00 OK
r-devel-windows-x86_64-gcc10-UCRT 0.17.3 NOTE
r-patched-linux-x86_64 0.17.3 7.97 59.38 67.35 NOTE
r-patched-solaris-x86 0.17.3 114.70 NOTE
r-release-linux-x86_64 0.17.3 2.40 59.56 61.96 NOTE
r-release-macos-arm64 0.17.3 ERROR
r-release-macos-x86_64 0.17.3 NOTE
r-release-windows-ix86+x86_64 0.17.3 4.00 79.00 83.00 OK
r-oldrel-macos-x86_64 0.17.3 OK

Check Details

Version: 0.17.3
Check: for non-standard things in the check directory
Result: NOTE
    Found the following files/directories:
     'res_mutation.tsv' 'res_mutationCounts.txt'
     'res_processContribution.txt' 'res_processes.txt'
Flavors: r-devel-linux-x86_64-debian-clang, r-devel-linux-x86_64-debian-gcc, r-devel-linux-x86_64-fedora-clang, r-devel-linux-x86_64-fedora-gcc, r-patched-linux-x86_64, r-patched-solaris-x86, r-release-linux-x86_64

Version: 0.17.3
Check: package dependencies
Result: NOTE
    Package suggested but not available for checking: 'BSgenome.Hsapiens.UCSC.hg38'
Flavors: r-devel-windows-x86_64-gcc10-UCRT, r-release-macos-x86_64

Version: 0.17.3
Check: package dependencies
Result: ERROR
    Packages required but not available: 'BSgenome', 'GenomicRanges'
    
    Package suggested but not available for checking: ‘BSgenome.Hsapiens.UCSC.hg38’
    
    See section ‘The DESCRIPTION file’ in the ‘Writing R Extensions’
    manual.
Flavor: r-release-macos-arm64