CRAN Package Check Results for Package simMP

Last updated on 2020-05-26 13:48:58 CEST.

Flavor Version Tinstall Tcheck Ttotal Status Flags
r-devel-linux-x86_64-debian-clang 0.17.3 2.35 56.40 58.75 NOTE
r-devel-linux-x86_64-debian-gcc 0.17.3 2.03 42.75 44.78 NOTE
r-devel-linux-x86_64-fedora-clang 0.17.3 81.07 NOTE
r-devel-linux-x86_64-fedora-gcc 0.17.3 68.36 NOTE
r-devel-windows-ix86+x86_64 0.17.3 10.00 74.00 84.00 OK
r-patched-linux-x86_64 0.17.3 2.53 54.55 57.08 NOTE
r-patched-solaris-x86 0.17.3 104.70 NOTE
r-release-linux-x86_64 0.17.3 2.39 55.40 57.79 NOTE
r-release-osx-x86_64 0.17.3 OK
r-release-windows-ix86+x86_64 0.17.3 7.00 94.00 101.00 OK
r-oldrel-osx-x86_64 0.17.3 NOTE
r-oldrel-windows-ix86+x86_64 0.17.3 6.00 68.00 74.00 OK

Check Details

Version: 0.17.3
Check: for non-standard things in the check directory
Result: NOTE
    Found the following files/directories:
     'res_mutation.tsv' 'res_mutationCounts.txt'
     'res_processContribution.txt' 'res_processes.txt'
Flavors: r-devel-linux-x86_64-debian-clang, r-devel-linux-x86_64-debian-gcc, r-devel-linux-x86_64-fedora-clang, r-devel-linux-x86_64-fedora-gcc, r-patched-linux-x86_64, r-patched-solaris-x86, r-release-linux-x86_64

Version: 0.17.3
Check: package dependencies
Result: NOTE
    Package suggested but not available for checking: ‘BSgenome.Hsapiens.UCSC.hg38’
Flavor: r-oldrel-osx-x86_64